{"id":1074,"date":"2025-02-05T08:27:53","date_gmt":"2025-02-05T08:27:53","guid":{"rendered":"https:\/\/ani-mex.com\/?post_type=product&#038;p=1074"},"modified":"2025-02-05T08:27:53","modified_gmt":"2025-02-05T08:27:53","slug":"nauszniki-nahelmowe-3m-optime-iii-h540p3e","status":"publish","type":"product","link":"https:\/\/ani-mex.com\/?product=nauszniki-nahelmowe-3m-optime-iii-h540p3e","title":{"rendered":"Nauszniki nahe\u0142mowe 3M OPTIME III H540P3E"},"content":{"rendered":"<p>Podw\u00f3jna obudowa, kt\u00f3ra minimalizuje rezonans w czaszach. Podw\u00f3jna obudowa, kt\u00f3ra minimalizuje rezonans w czaszach. Du\u017ca przestrze\u0144 wewn\u0105trz czaszy nausznika pomaga ogranicza\u0107 gromadzenie wilgoci i ciep\u0142a. Mi\u0119kkie, szerokie pier\u015bcienie zmniejszaj\u0105 ci\u015bnien&#8230;<\/p>\n","protected":false},"excerpt":{"rendered":"<p><strong>Przeciwha\u0142asowe nauszniki nahe\u0142mowe 3M OPTIME III H540P3E<\/strong> spe\u0142niaj\u0105 normy<strong>\u00a0EN 352-3 (nauszniki przeciwha\u0142asowe mocowane do przemys\u0142owego he\u0142mu ochronnego).\u00a0<\/strong>Najwy\u017cszej jako\u015bci\u00a0nauszniki o nowoczesnym wygl\u0105dzie w kolorze czarno- czerwonym.\u00a0Nauszniki w\u00a0lekkiej konstrukcji gwarantuj\u0105 doskona\u0142\u0105 ochron\u0119 s\u0142uchu. Bardzo wysoki poziom t\u0142umienia ha\u0142asu zapewnia odpowiedni\u0105 ochron\u0119 i dzia\u0142anie w r\u00f3\u017cnych \u015brodowiskach. Poziom t\u0142umienia ha\u0142asu: SNR= 34dB,\u00a0H= 40dB,\u00a0M= 32dB,\u00a0L= 22dB.\u00a0<strong>Nauszniki pasuj\u0105 do\u00a0he\u0142mu serii\u00a0PELTOR\u00a0G3000,\u00a0<\/strong>mocuje si\u0119 je do specjalnych otwor\u00f3w na he\u0142mie.\u00a0Nauszniki nahe\u0142mowe\u00a0przeznaczone s\u0105 do miejsc w kt\u00f3rych\u00a0 mamy do czynienia z ha\u0142asem oraz tam gdzie wymagane jest noszenie nausznik\u00f3w razem z kaskiem. Zastosowana technologia\u00a0podw\u00f3jnej obudowy minimalizuje wyst\u0119powanie zjawiska rezonansu. T\u0142umi d\u017awi\u0119ki o wysokich cz\u0119stotliwo\u015bciach i jednocze\u015bnie umo\u017cliwia zrozumienie rozmowy i wydawanych polece\u0144.\u00a0Szerokie pier\u015bcienie uszczelniaj\u0105ce s\u0105 wype\u0142nione unikalnym po\u0142\u0105czeniem p\u0142ynu i pianki, co umo\u017cliwia optymalne dopasowanie. Mi\u0119kkie pier\u015bcienie zapewniaj\u0105 szczelno\u015b\u0107 i niewielki\u00a0ucisk wok\u00f3\u0142 uszu,\u00a0gwarantuj\u0105 maksymaln\u0105 wygod\u0119 nawet w czasie d\u0142ugotrwa\u0142ego u\u017cytkowania.\u00a0Du\u017ce czasze nausznik\u00f3w ograniczaj\u0105 nadmiern\u0105 ilo\u015b\u0107 wilgoci i ciep\u0142a.\u00a0\u0141atwa wymiana pier\u015bcieni i wk\u0142adek\u00a0gwarantuje\u00a0higien\u0119 i zapewniaj\u0105 komfort podczas pracy. Bezstopniowa regulacja u\u0142atwia dopasowanie do ka\u017cdego rodzaju kszta\u0142tu g\u0142owy. Proste symboliczne oznaczenie poziomu wyt\u0142umienia zapewnia prawid\u0142owy dob\u00f3r nausznik\u00f3w do stanowiska pracy. Sprawdz\u0105 si\u0119\u00a0w wymagaj\u0105cym \u015brodowisku o bardzo wysokim poziomie ha\u0142asu, takim jak lotniska, elektrownie, drukarnie, place budowy, tartaki.\u00a0Wybierz najlepiej dopasowany do siebie spos\u00f3b ochrony s\u0142uchu, zapewnij sobie wygod\u0119 i nie nara\u017caj si\u0119 na ha\u0142as. Ju\u017c dzi\u015b zapobiegaj ubytkowi s\u0142uchu!!!<\/p>\n<p><strong>CECHY PRODUKTU<\/strong><\/p>\n<p><strong>Przeciwha\u0142asowe nauszniki nahe\u0142mowe 3M OPTIME III H540P3E<\/strong><\/p>\n<ul>\n<li>EN 352-3 (ochronniki s\u0142uchu &#8211; wymagania og\u00f3lne &#8211; cz\u0119\u015b\u0107 3: nauszniki przeciwha\u0142asowe mocowane do przemys\u0142owego he\u0142mu ochronnego)<\/li>\n<li>Kolor: czarno-czerwony<\/li>\n<li>Poziom t\u0142umienia ha\u0142asu: SNR= 34dB,\u00a0H= 40dB,\u00a0M= 32dB,\u00a0L= 22dB<\/li>\n<li>Mocowanie do he\u0142mu serii PELTOR\u00a0G3000<\/li>\n<li>Stalowa spr\u0119\u017cyna dociskowa<\/li>\n<li>Podw\u00f3jna obudowa minimalizuje efekt rezonans<\/li>\n<li>T\u0142umi\u0105\u00a0d\u017awi\u0119ki o wysokich cz\u0119stotliwo\u015bciach i jednocze\u015bnie umo\u017cliwia zrozumienie rozmowy i wydawanych polece\u0144<\/li>\n<li>Szerokie wygodne pier\u015bcienie uszczelniaj\u0105ce<\/li>\n<li>Du\u017ce czasze\u00a0ograniczaj\u0105 ilo\u015b\u0107 wilgoci i ciep\u0142a<\/li>\n<li>Mi\u0119kkie, szerokie piankowe poduszki\u00a0zmniejszaj\u0105 ucisk wok\u00f3\u0142 uszu<\/li>\n<li>\u0141atwa wymiana pier\u015bcieni i wk\u0142adek pozwala utrzyma\u0107 higieniczn\u0105 czysto\u015b\u0107 produktu<\/li>\n<li>Bezstopniowa regulacja<\/li>\n<li>Proste symboliczne oznaczenie poziomu wyt\u0142umienia zapewnia prawid\u0142owy dob\u00f3r nausznik\u00f3w<\/li>\n<li>Idealne do miejsc o bardzo wysokim\u00a0poziomie ha\u0142asu,\u00a0t\u0142umi\u0105 bardzo niskie cz\u0119stotliwo\u015bci do minimum<\/li>\n<li>Zapobieganie ubytkom s\u0142uchu w \u015brodowisku roboczym<\/li>\n<li>Do stosowania w wymagaj\u0105cych \u015brodowiskach o bardzo wysokim poziomie ha\u0142asu, takich jak lotniska, elektrownie, drukarnie, place budowy, tartaki<\/li>\n<\/ul>\n<p><strong>WARTO\u015a\u0106 T\u0141UMIENIA<\/strong><\/p>\n<p><strong>SNR= 34dB,\u00a0H= 40dB,\u00a0M= 32dB,\u00a0L= 22dB<\/strong><\/p>\n<p><strong>SNR-\u00a0<\/strong>uproszczony wska\u017anik redukcji szum :\u00a034 dB<\/p>\n<p><strong>H-\u00a0<\/strong>T\u0142umienie na wysokich cz\u0119stotliwo\u015bciach:\u00a040 dB<\/p>\n<p><strong>M-\u00a0<\/strong>T\u0142umienie na \u015brednich cz\u0119stotliwo\u015bciach:\u00a032 dB<\/p>\n<p><strong>L-<\/strong>T\u0142umienie na niskich cz\u0119stotliwo\u015bciach:\u00a022 dB<\/p>\n","protected":false},"featured_media":1075,"template":"","meta":{"_et_pb_use_builder":"","_et_pb_old_content":"","_et_gb_content_width":""},"product_brand":[],"product_cat":[44],"product_tag":[],"class_list":{"0":"post-1074","1":"product","2":"type-product","3":"status-publish","4":"has-post-thumbnail","6":"product_cat-ochrona-sluchu","8":"first","9":"instock","10":"shipping-taxable","11":"product-type-simple"},"_links":{"self":[{"href":"https:\/\/ani-mex.com\/index.php?rest_route=\/wp\/v2\/product\/1074","targetHints":{"allow":["GET"]}}],"collection":[{"href":"https:\/\/ani-mex.com\/index.php?rest_route=\/wp\/v2\/product"}],"about":[{"href":"https:\/\/ani-mex.com\/index.php?rest_route=\/wp\/v2\/types\/product"}],"wp:featuredmedia":[{"embeddable":true,"href":"https:\/\/ani-mex.com\/index.php?rest_route=\/wp\/v2\/media\/1075"}],"wp:attachment":[{"href":"https:\/\/ani-mex.com\/index.php?rest_route=%2Fwp%2Fv2%2Fmedia&parent=1074"}],"wp:term":[{"taxonomy":"product_brand","embeddable":true,"href":"https:\/\/ani-mex.com\/index.php?rest_route=%2Fwp%2Fv2%2Fproduct_brand&post=1074"},{"taxonomy":"product_cat","embeddable":true,"href":"https:\/\/ani-mex.com\/index.php?rest_route=%2Fwp%2Fv2%2Fproduct_cat&post=1074"},{"taxonomy":"product_tag","embeddable":true,"href":"https:\/\/ani-mex.com\/index.php?rest_route=%2Fwp%2Fv2%2Fproduct_tag&post=1074"}],"curies":[{"name":"wp","href":"https:\/\/api.w.org\/{rel}","templated":true}]}}