{"id":1211,"date":"2025-02-05T10:51:50","date_gmt":"2025-02-05T10:51:50","guid":{"rendered":"https:\/\/ani-mex.com\/?post_type=product&#038;p=1211"},"modified":"2025-02-05T10:51:50","modified_gmt":"2025-02-05T10:51:50","slug":"zatyczki-do-uszu-arusha-corded-100szt","status":"publish","type":"product","link":"https:\/\/ani-mex.com\/?product=zatyczki-do-uszu-arusha-corded-100szt","title":{"rendered":"Zatyczki do uszu ARUSHA CORDED (100szt.)"},"content":{"rendered":"","protected":false},"excerpt":{"rendered":"<p>Jednorazowe i wolno regeneruj\u0105ce si\u0119 piankowe zatyczki do uszu ze sznurkiem, kt\u00f3re chroni\u0105 przed g\u0142o\u015bnymi d\u017awi\u0119kami<\/p>\n<p>Jednorazowe zatyczki <strong>z wolno odpr\u0119\u017caj\u0105cej si\u0119 pianki<\/strong>, kt\u00f3re zapewniaj\u0105 wygodn\u0105 ochron\u0119 uszu. Zatyczki Arusha chroni\u0105 przed <strong>g\u0142o\u015bnymi lub ci\u0105g\u0142ymi ha\u0142asami<\/strong>, redukuj\u0105c g\u0142o\u015bno\u015b\u0107 do bezpiecznego poziomu, nawet w \u015brodowiskach o du\u017cym nat\u0119\u017ceniu ha\u0142asu. Wystarczy zwin\u0105\u0107 zatyczk\u0119 w ma\u0142y walec, w\u0142o\u017cy\u0107 j\u0105 do ucha i poczeka\u0107, a\u017c wygodnie rozszerzy si\u0119 w kanale s\u0142uchowym. Zatyczki te s\u0105 na sta\u0142e po\u0142\u0105czone plastikowym sznurkiem, dzi\u0119ki czemu mo\u017cna je nosi\u0107 na szyi, kiedy nie s\u0105 u\u017cywane.<\/p>\n<ul>\n<li>Pianka poliuretanowa<\/li>\n<li>SNR: 37\u00a0dB<\/li>\n<li>Higieniczne opakowanie<\/li>\n<li>Plastikowy sznurek<\/li>\n<\/ul>\n","protected":false},"featured_media":1212,"template":"","meta":{"_et_pb_use_builder":"","_et_pb_old_content":"","_et_gb_content_width":""},"product_brand":[],"product_cat":[44],"product_tag":[],"class_list":{"0":"post-1211","1":"product","2":"type-product","3":"status-publish","4":"has-post-thumbnail","6":"product_cat-ochrona-sluchu","8":"first","9":"instock","10":"shipping-taxable","11":"product-type-simple"},"_links":{"self":[{"href":"https:\/\/ani-mex.com\/index.php?rest_route=\/wp\/v2\/product\/1211","targetHints":{"allow":["GET"]}}],"collection":[{"href":"https:\/\/ani-mex.com\/index.php?rest_route=\/wp\/v2\/product"}],"about":[{"href":"https:\/\/ani-mex.com\/index.php?rest_route=\/wp\/v2\/types\/product"}],"wp:featuredmedia":[{"embeddable":true,"href":"https:\/\/ani-mex.com\/index.php?rest_route=\/wp\/v2\/media\/1212"}],"wp:attachment":[{"href":"https:\/\/ani-mex.com\/index.php?rest_route=%2Fwp%2Fv2%2Fmedia&parent=1211"}],"wp:term":[{"taxonomy":"product_brand","embeddable":true,"href":"https:\/\/ani-mex.com\/index.php?rest_route=%2Fwp%2Fv2%2Fproduct_brand&post=1211"},{"taxonomy":"product_cat","embeddable":true,"href":"https:\/\/ani-mex.com\/index.php?rest_route=%2Fwp%2Fv2%2Fproduct_cat&post=1211"},{"taxonomy":"product_tag","embeddable":true,"href":"https:\/\/ani-mex.com\/index.php?rest_route=%2Fwp%2Fv2%2Fproduct_tag&post=1211"}],"curies":[{"name":"wp","href":"https:\/\/api.w.org\/{rel}","templated":true}]}}