{"id":1351,"date":"2025-02-11T07:44:28","date_gmt":"2025-02-11T07:44:28","guid":{"rendered":"https:\/\/ani-mex.com\/?post_type=product&#038;p=1351"},"modified":"2025-02-11T07:44:50","modified_gmt":"2025-02-11T07:44:50","slug":"klapki-hero-890","status":"publish","type":"product","link":"https:\/\/ani-mex.com\/?product=klapki-hero-890","title":{"rendered":"Klapki HERO 890"},"content":{"rendered":"<p>Wykonane z wysokiej jako\u015bci tworzywa EVA, super lekkie, para wa\u017cny \u015brednio 250 g, elastyczne, wygodne, wodoszczelne, \u0142atwe w utrzymaniu czysto\u015bci, pasek na pi\u0119t\u0119<\/p>\n","protected":false},"excerpt":{"rendered":"<p><strong>Klapki HERO 890\/ LEMIGO<\/strong>. Lekkie i elastyczne obuwie wykonane z wielk\u0105 staranno\u015bci\u0105, by zadowoli\u0107 i zapewni\u0107 komfort ka\u017cdemu u\u017cytkownikowi. Wyst\u0119puj\u0105 w kolorze zielonym, rozmiary od 36 do 47. <strong>Wykonane<\/strong> <strong>z lekkiego, wodoodpornego i wytrzyma\u0142ego tworzywa EVA. <\/strong>Klapki s\u0105 niesamowicie wygodne, pianka EVA jest spr\u0119\u017cysta, dzi\u0119ki czemu \u015bwietnie absorbuje wstrz\u0105sy. Podeszwa zapewnia dobr\u0105 przyczepno\u015b\u0107. Klapki wyposa\u017cono w pasek na pi\u0119t\u0119, kt\u00f3ry utrzymuje obuwie we w\u0142a\u015bciwej pozycji, zapewnia lepsz\u0105 stabilno\u015b\u0107. Idealne klapki do u\u017cytku codziennego, do ogrodu. Wyj\u0105tkowo \u0142atwe w czyszczeniu.<\/p>\n<p><strong>CECHY PRODUKTU<\/strong><\/p>\n<ul>\n<li><strong>Klapki HERO 890\/ LEMIGO<\/strong><\/li>\n<li>Kolor: zielony<\/li>\n<li>Rozmiar: od 36 do 46<\/li>\n<li>Materia\u0142: tworzywo EVA<\/li>\n<li>Waga: 0,25 kg<\/li>\n<li>Super lekkie i elastyczne<\/li>\n<li>Pasek na pi\u0119t\u0119<\/li>\n<li>\u0141atwo\u015b\u0107 utrzymania czysto\u015bci<\/li>\n<li>Komfort i wygoda noszenia<\/li>\n<li>T\u0119go\u015b\u0107 obuwia UNISEX<\/li>\n<li>Idealne klapki do u\u017cytku codziennego<\/li>\n<\/ul>\n","protected":false},"featured_media":1352,"template":"","meta":{"_et_pb_use_builder":"","_et_pb_old_content":"","_et_gb_content_width":""},"product_brand":[],"product_cat":[102,40],"product_tag":[],"class_list":{"0":"post-1351","1":"product","2":"type-product","3":"status-publish","4":"has-post-thumbnail","6":"product_cat-klapki-medyczne-profilaktyczne","7":"product_cat-ochrona-nog","9":"first","10":"instock","11":"shipping-taxable","12":"product-type-simple"},"_links":{"self":[{"href":"https:\/\/ani-mex.com\/index.php?rest_route=\/wp\/v2\/product\/1351","targetHints":{"allow":["GET"]}}],"collection":[{"href":"https:\/\/ani-mex.com\/index.php?rest_route=\/wp\/v2\/product"}],"about":[{"href":"https:\/\/ani-mex.com\/index.php?rest_route=\/wp\/v2\/types\/product"}],"wp:featuredmedia":[{"embeddable":true,"href":"https:\/\/ani-mex.com\/index.php?rest_route=\/wp\/v2\/media\/1352"}],"wp:attachment":[{"href":"https:\/\/ani-mex.com\/index.php?rest_route=%2Fwp%2Fv2%2Fmedia&parent=1351"}],"wp:term":[{"taxonomy":"product_brand","embeddable":true,"href":"https:\/\/ani-mex.com\/index.php?rest_route=%2Fwp%2Fv2%2Fproduct_brand&post=1351"},{"taxonomy":"product_cat","embeddable":true,"href":"https:\/\/ani-mex.com\/index.php?rest_route=%2Fwp%2Fv2%2Fproduct_cat&post=1351"},{"taxonomy":"product_tag","embeddable":true,"href":"https:\/\/ani-mex.com\/index.php?rest_route=%2Fwp%2Fv2%2Fproduct_tag&post=1351"}],"curies":[{"name":"wp","href":"https:\/\/api.w.org\/{rel}","templated":true}]}}