{"id":1372,"date":"2025-02-11T12:09:52","date_gmt":"2025-02-11T12:09:52","guid":{"rendered":"https:\/\/ani-mex.com\/?post_type=product&#038;p=1372"},"modified":"2025-02-11T12:09:52","modified_gmt":"2025-02-11T12:09:52","slug":"spodnie-do-pasa-cool-trend-bialo-szary-176-182cm","status":"publish","type":"product","link":"https:\/\/ani-mex.com\/?product=spodnie-do-pasa-cool-trend-bialo-szary-176-182cm","title":{"rendered":"Spodnie do pasa COOL TREND &#8211; bia\u0142o-szary &#8211; 176-182cm"},"content":{"rendered":"<p>Spodnie do pasa COOL TREND 176-182\/ ARDON spe\u0142niaj\u0105 normy EN 13688 (odzie\u017c ochronna, wymagania og\u00f3lne). Klasyczne spodnie do pasa bardzo komfortowe w noszeniu. Wyst\u0119puj\u0105 w wariantach kolorystycznych: szaro-pomara\u0144czowy, granatowo-niebieski, niebieski, \u015bre&#8230;<\/p>\n","protected":false},"excerpt":{"rendered":"<p><strong>Spodnie do pasa COOL TREND 176-182\/ ARDON <\/strong>spe\u0142niaj\u0105 normy<strong> EN 13688 <\/strong><strong>(odzie\u017c ochronna, wymagania og\u00f3lne<\/strong><strong>). <\/strong>Klasyczne spodnie do pasa bardzo komfortowe w noszeniu dla wzrostu 176-182 cm. Wyst\u0119puj\u0105 w wariantach kolorystycznych: szaro-pomara\u0144czowy, granatowo-niebieski, niebieski, \u015brednioniebieski, bia\u0142o-szary, szaro-czarny, br\u0105zowy, czarny, czerwony, zielony w rozmiarze od 42 do 66.<strong> Wykonane <\/strong><strong>ze 100% bawe\u0142ny o splocie diagonalnym\/ 260g\/m2<\/strong><strong>. <\/strong>Tkanina jest wytrzyma\u0142a mechanicznie a jednocze\u015bnie mi\u0119kka i wygodna w u\u017cyciu. <strong>Fason COMFORD FIT<\/strong> pozwala na pe\u0142n\u0105 swobod\u0119 ruch\u00f3w. Idealne dopasowanie zapewnia elastyczny pas, szlufki do paska, g\u0142\u00f3wne zapi\u0119cie na zamek i guzik. Spodnie posiadaj\u0105 wielofunkcyjne kieszenie: karczek i dwie tylne kieszenie kryte patk\u0105, dwie pojemne kieszenie przelotowe i boczne kieszenie na narz\u0119dzia. Spodnie wyposa\u017cono w wypustki odblaskowe, kt\u00f3re zwi\u0119kszaj\u0105 bezpiecze\u0144stwo po zmroku i w zacienionych miejscach. Wzmocnione kolana s\u0105 odporne na przetarcia i uszkodzenia mechaniczne. Bardzo wygodne i jednocze\u015bnie wytrzyma\u0142e spodnie robocze sprawdz\u0105 si\u0119 przy ka\u017cdej pracy. Dedykowane dla bran\u017cy budowlanej, monta\u017cowo-instalacyjnej, do prac magazynowych, porz\u0105dkowych, warsztatowych.<\/p>\n<p><strong>CECHY PRODUKTU<\/strong><\/p>\n<ul>\n<li><strong>Spodnie do pasa COOL TREND 176-182\/ ARDON <\/strong><\/li>\n<li>EN 13688 (odzie\u017c ochronna, wymagania og\u00f3lne)<\/li>\n<li>100% bawe\u0142ny, splot diagonalny\/ 260 g\/m2<\/li>\n<li>Warianty kolorystyczne: szaro-pomara\u0144czowy, granatowo-niebieski, niebieski, \u015brednioniebieski, bia\u0142o-szary, szaro-czarny, br\u0105zowy, czarny, czerwony, zielony<\/li>\n<li>Rozmiar: od 42 do 66<\/li>\n<li>Wzrost: 176-182<\/li>\n<li>Wytrzyma\u0142o\u015b\u0107 i odporno\u015b\u0107 na przetarcia<\/li>\n<li>Wypustki odblaskowe<\/li>\n<li>Wzmocnione okolice kolan<\/li>\n<li>Wielofunkcyjne kieszenie<\/li>\n<li>Guma w pasie, zapi\u0119cie na zamek i guzik, szlufki do paska<\/li>\n<li>Komfort i wygoda u\u017cytkowania<\/li>\n<li>Fason COMFORD FIT<\/li>\n<li>Swoboda ruch\u00f3w<\/li>\n<li>Konserwacja w warunkach domowych: maksymalnie w 60 oC<\/li>\n<\/ul>\n","protected":false},"featured_media":1373,"template":"","meta":{"_et_pb_use_builder":"","_et_pb_old_content":"","_et_gb_content_width":""},"product_brand":[],"product_cat":[37,89],"product_tag":[],"class_list":{"0":"post-1372","1":"product","2":"type-product","3":"status-publish","4":"has-post-thumbnail","6":"product_cat-ochrona-ciala","7":"product_cat-spodnie-do-pasa","9":"first","10":"instock","11":"shipping-taxable","12":"product-type-simple"},"_links":{"self":[{"href":"https:\/\/ani-mex.com\/index.php?rest_route=\/wp\/v2\/product\/1372","targetHints":{"allow":["GET"]}}],"collection":[{"href":"https:\/\/ani-mex.com\/index.php?rest_route=\/wp\/v2\/product"}],"about":[{"href":"https:\/\/ani-mex.com\/index.php?rest_route=\/wp\/v2\/types\/product"}],"wp:featuredmedia":[{"embeddable":true,"href":"https:\/\/ani-mex.com\/index.php?rest_route=\/wp\/v2\/media\/1373"}],"wp:attachment":[{"href":"https:\/\/ani-mex.com\/index.php?rest_route=%2Fwp%2Fv2%2Fmedia&parent=1372"}],"wp:term":[{"taxonomy":"product_brand","embeddable":true,"href":"https:\/\/ani-mex.com\/index.php?rest_route=%2Fwp%2Fv2%2Fproduct_brand&post=1372"},{"taxonomy":"product_cat","embeddable":true,"href":"https:\/\/ani-mex.com\/index.php?rest_route=%2Fwp%2Fv2%2Fproduct_cat&post=1372"},{"taxonomy":"product_tag","embeddable":true,"href":"https:\/\/ani-mex.com\/index.php?rest_route=%2Fwp%2Fv2%2Fproduct_tag&post=1372"}],"curies":[{"name":"wp","href":"https:\/\/api.w.org\/{rel}","templated":true}]}}