{"id":245,"date":"2024-11-13T08:50:38","date_gmt":"2024-11-13T08:50:38","guid":{"rendered":"https:\/\/ani-mex.com\/?post_type=product&#038;p=245"},"modified":"2024-11-15T09:33:38","modified_gmt":"2024-11-15T09:33:38","slug":"245","status":"publish","type":"product","link":"https:\/\/ani-mex.com\/?product=245","title":{"rendered":"Okulary spawalnicze WELDER"},"content":{"rendered":"<p><strong>CECHY PRODUKTU<\/strong><\/p>\n<ul>\n<li><strong>Okulary spawalnicze zamkni\u0119te WELDER\/ ARDON<\/strong><\/li>\n<li>EN 166 (ochrona indywidualna oczu)<\/li>\n<li>EN 170 (ochrona indywidualna oczu- filtry chroni\u0105ce przed nadfioletem)<\/li>\n<li>EN 175 (ochrona indywidualna &#8211; \u015brodki ochrony oczu i twarzy stosowane podczas spawania i w procesach pokrewnych)<\/li>\n<li>Klasa optyczna 1<\/li>\n<li>Szybki: czarne ABS wzmocnione<\/li>\n<li>Oprawy: PVC<\/li>\n<li>Wentylacja po\u015brednia<\/li>\n<li>Regulowany pasek nag\u0142owny<\/li>\n<li>Odporne na uderzenia o niskiej energii<\/li>\n<li>Filtr chroni\u0105cy przed ol\u015bnieniem s\u0142onecznym<\/li>\n<li>Ochrona przed stopionym metalem i przenikaniem gor\u0105cych cia\u0142 sta\u0142ych<\/li>\n<li>Filtr chroni\u0105cy przed ol\u015bnieniem s\u0142onecznym (przeciws\u0142oneczny) z wymaganiami dla podczerwieni<\/li>\n<li>Ochrona oczu przed szkodliwym promieniowaniem podczas spawania<\/li>\n<\/ul>\n<p><strong>OZNAKOWANIA SOCZEWKA BEZBARWNA: 1 F<\/strong><\/p>\n<p><strong>1- <\/strong>klasa optyczna- do stosowania ci\u0105g\u0142ego- +\/- 0,06 dioptrii<\/p>\n<p><strong>F- <\/strong>uderzenie o niskiej energii, pr\u0119dko\u015b\u0107 maksymalna 45 m\/s<\/p>\n<p><strong>OZNAKOWANIA SOCZEWKA SPAWALNICZA: 5 1 DIN 0196<\/strong><\/p>\n<p><strong>5- <\/strong>filtr chroni\u0105cy przed ol\u015bnieniem s\u0142onecznym (przeciws\u0142oneczny) bez wymaga\u0144 w podczerwieni<\/p>\n<p><strong>1-<\/strong>klasa optyczna- do stosowania ci\u0105g\u0142ego- +\/- 0,06 dioptrii<\/p>\n<p><strong>DIN-<\/strong> produkty zgodne z DIN EN 166 sk\u0142adaj\u0105 si\u0119 z oprawek okular\u00f3w i soczewek<\/p>\n<p><strong>O-<\/strong> oryginalna soczewka<\/p>\n<p><strong>1- <\/strong>klasa optyczna- do stosowania ci\u0105g\u0142ego- +\/- 0,06 dioptrii<\/p>\n<p><strong>9- <\/strong>ochrona przed stopionym metalem i przenikaniem gor\u0105cych cia\u0142 sta\u0142ych<\/p>\n<p><strong>6- <\/strong>filtr chroni\u0105cy przed ol\u015bnieniem s\u0142onecznym (przeciws\u0142oneczny) z wymaganiami dla podczerwieni<\/p>\n","protected":false},"excerpt":{"rendered":"<p><strong>Okulary spawalnicze zamkni\u0119te WELDER\/ ARDON <\/strong>spe\u0142niaj\u0105 normy<strong> EN 166 (ochrona indywidualna oczu)\/ EN 170 (ochrona indywidualna oczu- filtry chroni\u0105ce przed nadfioletem)\/ EN 175 (ochrona indywidualna &#8211; \u015brodki ochrony oczu i twarzy stosowane podczas spawania i w procesach pokrewnych) klasa optyczna 1 &#8211; do stosowania ci\u0105g\u0142ego. <\/strong>Solidna konstrukcja okular\u00f3w z uchyln\u0105 szybk\u0105 spawalnicz\u0105.<strong> Oprawy wykonane z PVC<\/strong>charakteryzuj\u0105 si\u0119 doskona\u0142ymi w\u0142a\u015bciwo\u015bciami dielektrycznymi i odporno\u015bci\u0105 chemiczn\u0105 oraz mechaniczn\u0105. Regulowany pasek nag\u0142owny i wentylacja po\u015brednia umo\u017cliwia przep\u0142yw powietrza i zmniejsza dostawanie si\u0119 kurzu i py\u0142\u00f3w, zapewniaj\u0105 komfort podczas pracy w trudnych warunkach. Szybki bezbarwne i <strong>uchylne spawalnicze nr 5 wzmocnione z ABS<\/strong> odporne na uderzenia. Filtr chroni przed ol\u015bnieniem zapewnia ochron\u0119 przed stopionym metalem i przenikaniem gor\u0105cych cia\u0142 sta\u0142ych. Okulary chroni\u0105 oczy przed szkodliwym promieniowaniem podczas spawania. Solidne okulary ochronne do pracy w wymagaj\u0105cym \u015brodowisku polecane dla przemys\u0142u stoczniowego, hutniczego, odlewniczego.<\/p>\n","protected":false},"featured_media":246,"template":"","meta":{"_et_pb_use_builder":"","_et_pb_old_content":"","_et_gb_content_width":""},"product_brand":[],"product_cat":[35,57],"product_tag":[],"class_list":{"0":"post-245","1":"product","2":"type-product","3":"status-publish","4":"has-post-thumbnail","6":"product_cat-dla-spawaczy","7":"product_cat-okularymaski","9":"first","10":"instock","11":"shipping-taxable","12":"product-type-simple"},"_links":{"self":[{"href":"https:\/\/ani-mex.com\/index.php?rest_route=\/wp\/v2\/product\/245","targetHints":{"allow":["GET"]}}],"collection":[{"href":"https:\/\/ani-mex.com\/index.php?rest_route=\/wp\/v2\/product"}],"about":[{"href":"https:\/\/ani-mex.com\/index.php?rest_route=\/wp\/v2\/types\/product"}],"wp:featuredmedia":[{"embeddable":true,"href":"https:\/\/ani-mex.com\/index.php?rest_route=\/wp\/v2\/media\/246"}],"wp:attachment":[{"href":"https:\/\/ani-mex.com\/index.php?rest_route=%2Fwp%2Fv2%2Fmedia&parent=245"}],"wp:term":[{"taxonomy":"product_brand","embeddable":true,"href":"https:\/\/ani-mex.com\/index.php?rest_route=%2Fwp%2Fv2%2Fproduct_brand&post=245"},{"taxonomy":"product_cat","embeddable":true,"href":"https:\/\/ani-mex.com\/index.php?rest_route=%2Fwp%2Fv2%2Fproduct_cat&post=245"},{"taxonomy":"product_tag","embeddable":true,"href":"https:\/\/ani-mex.com\/index.php?rest_route=%2Fwp%2Fv2%2Fproduct_tag&post=245"}],"curies":[{"name":"wp","href":"https:\/\/api.w.org\/{rel}","templated":true}]}}