{"id":251,"date":"2024-11-13T08:56:13","date_gmt":"2024-11-13T08:56:13","guid":{"rendered":"https:\/\/ani-mex.com\/?post_type=product&#038;p=251"},"modified":"2024-11-13T08:59:09","modified_gmt":"2024-11-13T08:59:09","slug":"spodnie-ogrodniczki-signal-zolty-44-176-182cm","status":"publish","type":"product","link":"https:\/\/ani-mex.com\/?product=spodnie-ogrodniczki-signal-zolty-44-176-182cm","title":{"rendered":"Spodnie ogrodniczki SIGNAL &#8211; \u017c\u00f3\u0142ty &#8211; 44 &#8211; 176-182cm"},"content":{"rendered":"<p><strong>CECHY PRODUKTU<\/strong><\/p>\n<ul>\n<li><strong>Spodnie robocze-ogrodniczki SIGNAL\/ ARDON\/Klasa 1<\/strong><\/li>\n<li>Klasa 2 w kombinacji: spodnie+koszulka z kr\u00f3tkim r\u0119kawem<\/li>\n<li>Klasa 3 w kombinacji: spodnie+koszulka d\u0142ugi r\u0119kaw+bluza<\/li>\n<li>EN 13688 (odzie\u017c ochronna, wymagania og\u00f3lne)<\/li>\n<li>EN 20471+A1 (odzie\u017c ostrzegawcza)<\/li>\n<li>65% poliester\/ 35% bawe\u0142na, splot diagonalny\/ 290 g\/m2<\/li>\n<li>Rozmiary: pom.-\u017c\u00f3\u0142te S-XL, \u017c\u00f3\u0142to-pom., \u017c\u00f3\u0142to-czarne S-3XL<\/li>\n<li>Warianty kolorystyczne: \u017c\u00f3\u0142to-pomara\u0144czowy, pomara\u0144czowo-\u017c\u00f3\u0142ty, \u017c\u00f3\u0142to-czarny<\/li>\n<li>Ergonomiczny szczup\u0142y fason<\/li>\n<li>Komfort i wygoda noszenia<\/li>\n<li>Dopasowanie dzi\u0119ki elastycznej lam\u00f3wce w pasie ze zintegrowan\u0105 gum\u0105<\/li>\n<li>Wielofunkcyjne kieszenie<\/li>\n<li>Pasy odblaskowe na nogawkach<\/li>\n<li>Dedykowane dla os\u00f3b kt\u00f3re pracuj\u0105 w warunkach zagro\u017cenia wypadkiem<\/li>\n<li>Fason \u017c\u00f3\u0142to-pomara\u0144czowy, pomara\u0144czowo-\u017c\u00f3\u0142ty pra\u0107 w 40\u00b0C<\/li>\n<li>Fason \u017c\u00f3\u0142to-czarny pra\u0107 w 60\u00b0C (pra\u0107 osobno, odwr\u00f3cone na lew\u0105 stron\u0119 z zapi\u0119tymi suwakami)<\/li>\n<\/ul>\n","protected":false},"excerpt":{"rendered":"<p><strong>Spodnie robocze-ogrodniczki SIGNAL\/ ARDON<\/strong> spe\u0142niaj\u0105 normy <strong>EN 13688 (odzie\u017c ochronna, wymagania og\u00f3lne)\/ EN 20471+A1 (odzie\u017c ostrzegawcza)\/ Klasa 1.<\/strong> Klasa 2 w kombinacji: spodnie+koszulka z kr\u00f3tkim r\u0119kawem, klasa 3 w kombinacji: spodnie+koszulka d\u0142ugi r\u0119kaw+bluza. Doskonale dopasowany, ergonomiczny szczup\u0142y fason. Wyst\u0119puj\u0105 w wariantach kolorystycznych: \u017c\u00f3\u0142to-pomara\u0144czowy, pomara\u0144czowo-\u017c\u00f3\u0142ty, \u017c\u00f3\u0142to-czarny. Rozmiary: pom.-\u017c\u00f3\u0142te S-XL, \u017c\u00f3\u0142to-pom., \u017c\u00f3\u0142to-czarne S-3XL. Spodnie bardzo wytrzyma\u0142e mechanicznie dzi\u0119ki tkaninie: <strong>65% poliester\/ 35% bawe\u0142na, splot diagonalny\/ 290 g\/m2<\/strong>. Spodnie cechuje komfort i wygoda noszenia. Dopasowanie dzi\u0119ki elastycznej lam\u00f3wce w pasie ze zintegrowan\u0105 gum\u0105, wyposa\u017cone w wielofunkcyjne kieszenie: dwie przednie kieszenie przelotowe, dwie tylne kryte plis\u0105, du\u017ca kiesze\u0144 przelotowa na lewej nogawce kryta plis\u0105, kiesze\u0144 na n\u00f3\u017c \u0142amany, \u015brubokr\u0119t i o\u0142\u00f3wki stolarskie, na prawej nogawce kiesze\u0144 na metr\u00f3wk\u0119. Ogrodniczki posiadaj\u0105 pasy odblaskowe: dwa segmentowe w cz\u0119\u015bci przedniej, dwa w cz\u0119\u015bci tylnej. W wariancie \u017c\u00f3\u0142to-czarnym na tylnej cz\u0119\u015bci nogawek suwaki wyposa\u017cone w oddychaj\u0105c\u0105 siatk\u0119 dla skutecznej wentylacji. Ogrodniczki s\u0105 niezb\u0119dnym uzupe\u0142nieniem innej odzie\u017cy ostrzegawczej, typu kurtka, bluza, kamizelka. Do prac, podczas kt\u00f3rych trzeba by\u0107 dobrze widocznym, wykonywanych na torach kolejowych, w miejscach o wzmo\u017conym ruchu pojazd\u00f3w, w transporcie do\u0142owym kopal\u0144 i w transporcie wewn\u0105trzzak\u0142adowym. Korzystaj\u0105 z niej drogowcy, policjanci, stra\u017cacy, operatorzy maszyn, budowla\u0144cy, pracownicy lotnisk i port\u00f3w.<\/p>\n","protected":false},"featured_media":252,"template":"","meta":{"_et_pb_use_builder":"","_et_pb_old_content":"","_et_gb_content_width":""},"product_brand":[],"product_cat":[37],"product_tag":[],"class_list":{"0":"post-251","1":"product","2":"type-product","3":"status-publish","4":"has-post-thumbnail","6":"product_cat-ochrona-ciala","8":"first","9":"instock","10":"shipping-taxable","11":"product-type-simple"},"_links":{"self":[{"href":"https:\/\/ani-mex.com\/index.php?rest_route=\/wp\/v2\/product\/251","targetHints":{"allow":["GET"]}}],"collection":[{"href":"https:\/\/ani-mex.com\/index.php?rest_route=\/wp\/v2\/product"}],"about":[{"href":"https:\/\/ani-mex.com\/index.php?rest_route=\/wp\/v2\/types\/product"}],"wp:featuredmedia":[{"embeddable":true,"href":"https:\/\/ani-mex.com\/index.php?rest_route=\/wp\/v2\/media\/252"}],"wp:attachment":[{"href":"https:\/\/ani-mex.com\/index.php?rest_route=%2Fwp%2Fv2%2Fmedia&parent=251"}],"wp:term":[{"taxonomy":"product_brand","embeddable":true,"href":"https:\/\/ani-mex.com\/index.php?rest_route=%2Fwp%2Fv2%2Fproduct_brand&post=251"},{"taxonomy":"product_cat","embeddable":true,"href":"https:\/\/ani-mex.com\/index.php?rest_route=%2Fwp%2Fv2%2Fproduct_cat&post=251"},{"taxonomy":"product_tag","embeddable":true,"href":"https:\/\/ani-mex.com\/index.php?rest_route=%2Fwp%2Fv2%2Fproduct_tag&post=251"}],"curies":[{"name":"wp","href":"https:\/\/api.w.org\/{rel}","templated":true}]}}