{"id":326,"date":"2024-11-15T09:38:22","date_gmt":"2024-11-15T09:38:22","guid":{"rendered":"https:\/\/ani-mex.com\/?post_type=product&#038;p=326"},"modified":"2024-11-15T10:02:41","modified_gmt":"2024-11-15T10:02:41","slug":"rekawice-spawalnicze-flame","status":"publish","type":"product","link":"https:\/\/ani-mex.com\/?product=rekawice-spawalnicze-flame","title":{"rendered":"R\u0119kawice spawalnicze FLAME"},"content":{"rendered":"<p>R\u0119kawice spawalnicze, ARDON, spe\u0142niaj\u0105 normy EN 420\/ EN 388\/ EN 407\/ EN 12477. CAT.II. Wykonane z dwoiny bydl\u0119cej, bez podszewki. Fason pi\u0119ciopalcowy z d\u0142ugim mankietem chroni\u0105cym d\u0142o\u0144 i przedrami\u0119. Posiadaj\u0105 podw\u00f3jn\u0105 warstw\u0119 sk\u00f3ry w cz\u0119\u015bci chwytnej<\/p>\n","protected":false},"excerpt":{"rendered":"<p>R\u0119kawice spawalnicze, ARDON, spe\u0142niaj\u0105 normy EN 420\/ EN 388\/ EN 407\/ EN 12477. CAT.II. Wykonane z dwoiny bydl\u0119cej, bez podszewki. Fason pi\u0119ciopalcowy z d\u0142ugim mankietem chroni\u0105cym d\u0142o\u0144 i przedrami\u0119. Posiadaj\u0105 podw\u00f3jn\u0105 warstw\u0119 sk\u00f3ry w cz\u0119\u015bci chwytnej<\/p>\n","protected":false},"featured_media":330,"template":"","meta":{"_et_pb_use_builder":"","_et_pb_old_content":"","_et_gb_content_width":""},"product_brand":[],"product_cat":[35,43,58,67],"product_tag":[],"class_list":{"0":"post-326","1":"product","2":"type-product","3":"status-publish","4":"has-post-thumbnail","6":"product_cat-dla-spawaczy","7":"product_cat-ochrona-rak","8":"product_cat-rekawice","9":"product_cat-rekawice-spawalnicze-ochrona-rak","11":"first","12":"instock","13":"shipping-taxable","14":"product-type-simple"},"_links":{"self":[{"href":"https:\/\/ani-mex.com\/index.php?rest_route=\/wp\/v2\/product\/326","targetHints":{"allow":["GET"]}}],"collection":[{"href":"https:\/\/ani-mex.com\/index.php?rest_route=\/wp\/v2\/product"}],"about":[{"href":"https:\/\/ani-mex.com\/index.php?rest_route=\/wp\/v2\/types\/product"}],"wp:featuredmedia":[{"embeddable":true,"href":"https:\/\/ani-mex.com\/index.php?rest_route=\/wp\/v2\/media\/330"}],"wp:attachment":[{"href":"https:\/\/ani-mex.com\/index.php?rest_route=%2Fwp%2Fv2%2Fmedia&parent=326"}],"wp:term":[{"taxonomy":"product_brand","embeddable":true,"href":"https:\/\/ani-mex.com\/index.php?rest_route=%2Fwp%2Fv2%2Fproduct_brand&post=326"},{"taxonomy":"product_cat","embeddable":true,"href":"https:\/\/ani-mex.com\/index.php?rest_route=%2Fwp%2Fv2%2Fproduct_cat&post=326"},{"taxonomy":"product_tag","embeddable":true,"href":"https:\/\/ani-mex.com\/index.php?rest_route=%2Fwp%2Fv2%2Fproduct_tag&post=326"}],"curies":[{"name":"wp","href":"https:\/\/api.w.org\/{rel}","templated":true}]}}