{"id":420,"date":"2024-11-19T08:01:59","date_gmt":"2024-11-19T08:01:59","guid":{"rendered":"https:\/\/ani-mex.com\/?post_type=product&#038;p=420"},"modified":"2024-11-19T08:02:00","modified_gmt":"2024-11-19T08:02:00","slug":"rekawice-skorzane-spawalnicze-maper-sk213","status":"publish","type":"product","link":"https:\/\/ani-mex.com\/?product=rekawice-skorzane-spawalnicze-maper-sk213","title":{"rendered":"R\u0119kawice sk\u00f3rzane spawalnicze MAPER SK213"},"content":{"rendered":"","protected":false},"excerpt":{"rendered":"<div id=\"nav-section__product-description\" class=\"tab-pane fade show active\" role=\"tabpanel\">\n<div class=\"productDescription\">\n<p><strong>Materia\u0142<\/strong>: mi\u0119kka i elastyczna licowa sk\u00f3ra kozia<br \/>\n<strong>Rozmiary<\/strong>:\u00a0 10<br \/>\n<strong>Zako\u0144czenie<\/strong>: doszywany mankiet z dwoiny bydl\u0119cej<br \/>\n<strong>D\u0142ugo\u015b\u0107<\/strong>\u00a0:\u00a0 35 cm<br \/>\n<strong>Zastosowanie<\/strong>:\u00a0 w budownictwie, przemy\u015ble ci\u0119\u017ckim, w miejscach gdzie istnieje ryzyko iskrzenia, stosowane do og\u00f3lnych prac mechanicznych<\/p>\n<ul>\n<li>Pakowanie: 120 par w kartonie<\/li>\n<li>Certyfikat CE,\u00a0 zgodny z norm\u0105 EN 420, kat. I<\/li>\n<\/ul>\n<\/div>\n<\/div>\n","protected":false},"featured_media":421,"template":"","meta":{"_et_pb_use_builder":"","_et_pb_old_content":"","_et_gb_content_width":""},"product_brand":[],"product_cat":[35,58],"product_tag":[],"class_list":{"0":"post-420","1":"product","2":"type-product","3":"status-publish","4":"has-post-thumbnail","6":"product_cat-dla-spawaczy","7":"product_cat-rekawice","9":"first","10":"instock","11":"shipping-taxable","12":"product-type-simple"},"_links":{"self":[{"href":"https:\/\/ani-mex.com\/index.php?rest_route=\/wp\/v2\/product\/420","targetHints":{"allow":["GET"]}}],"collection":[{"href":"https:\/\/ani-mex.com\/index.php?rest_route=\/wp\/v2\/product"}],"about":[{"href":"https:\/\/ani-mex.com\/index.php?rest_route=\/wp\/v2\/types\/product"}],"wp:featuredmedia":[{"embeddable":true,"href":"https:\/\/ani-mex.com\/index.php?rest_route=\/wp\/v2\/media\/421"}],"wp:attachment":[{"href":"https:\/\/ani-mex.com\/index.php?rest_route=%2Fwp%2Fv2%2Fmedia&parent=420"}],"wp:term":[{"taxonomy":"product_brand","embeddable":true,"href":"https:\/\/ani-mex.com\/index.php?rest_route=%2Fwp%2Fv2%2Fproduct_brand&post=420"},{"taxonomy":"product_cat","embeddable":true,"href":"https:\/\/ani-mex.com\/index.php?rest_route=%2Fwp%2Fv2%2Fproduct_cat&post=420"},{"taxonomy":"product_tag","embeddable":true,"href":"https:\/\/ani-mex.com\/index.php?rest_route=%2Fwp%2Fv2%2Fproduct_tag&post=420"}],"curies":[{"name":"wp","href":"https:\/\/api.w.org\/{rel}","templated":true}]}}