{"id":504,"date":"2024-11-20T12:24:12","date_gmt":"2024-11-20T12:24:12","guid":{"rendered":"https:\/\/ani-mex.com\/?post_type=product&#038;p=504"},"modified":"2024-11-20T12:24:14","modified_gmt":"2024-11-20T12:24:14","slug":"trzewiki-bezpieczne-q6-ppo","status":"publish","type":"product","link":"https:\/\/ani-mex.com\/?product=trzewiki-bezpieczne-q6-ppo","title":{"rendered":"Trzewiki bezpieczne Q6 PPO"},"content":{"rendered":"<p><strong>Trzewiki bezpieczne z podnoskiem i wk\u0142adk\u0105 antyprzebiciow\u0105 Q6\/ PPO<\/strong> spe\u0142niaj\u0105 normy<strong> EN 20345 (\u015brodki ochrony indywidualnej &#8211; obuwie bezpieczne), <\/strong><strong>S3<\/strong> (ograniczona przepuszczalno\u015b\u0107 wody, odporno\u015b\u0107 na przebicie, rze\u017abiona podeszwa), <strong>CI<\/strong> (izolacja spodu od zimna), <strong>SRC<\/strong> (odporno\u015b\u0107 na po\u015blizg na pod\u0142o\u017cu ceramicznym pokrytym roztworem laurylosiarczanu sodu (SLS) i na pod\u0142o\u017cu ze stali pokrytym glicerolem), <strong>ESD<\/strong> (ochrona przed ryzykiem wy\u0142adowa\u0144 statycznych pracownika). Obuwie chroni przed efektem ESD zgodnie z norm\u0105 PN-EN 61340-5-1:2017-01, posiada w\u0142a\u015bciwo\u015bci rozpraszaj\u0105ce. <strong>Kolekcja PPO Q-Premium<\/strong>. Lekkie, wygodne i dynamiczne trzewiki dla najbardziej wymagaj\u0105cych u\u017cytkownik\u00f3w. Wysokiej jako\u015bci innowacyjne obuwie gwarantuj\u0105ce komfort i bezpiecze\u0144stwo. Obuwie antyelektrostatyczne. Bez metalu. Kolor: czarno &#8211; niebieski. Rozmiar: 39 &#8211; 48. Model z wysok\u0105 cholewk\u0105 zako\u0144czon\u0105 mi\u0119kkim ko\u0142nierzem, posiada wszyty j\u0119zyk zabezpieczaj\u0105cy przed py\u0142em, wzmocnienie czubka wytrzyma\u0142ym materia\u0142em typu MATRIX, dopasowanie za pomoc\u0105 \u015bci\u0105gania sznur\u00f3wkami. <strong>Cholewka wykonana z wysokiej jako\u015bci hydrofobizowanej sk\u00f3ry nubukowej<\/strong> o wysokim wsp\u00f3\u0142czynniku przepuszczalno\u015bci pary wodnej i zmniejszonej nasi\u0105kliwo\u015bci wody. Podszewka z tkaniny o dzia\u0142aniu termoregulacyjnym skutecznie odprowadza pot, daje uczucie sucho\u015bci i komfortu. Trzewiki posiadaj\u0105 mi\u0119kk\u0105 i wygodn\u0105, przyjazn\u0105 sk\u00f3rze stopy, higroskopijn\u0105 wy\u015bci\u00f3\u0142k\u0119 z filtrem aktywnego w\u0119gla, kt\u00f3ra cechuje si\u0119 w\u0142a\u015bciwo\u015bciami przeciwgrzybicznymi, przeciwpotnymi i antybakteryjnymi, zapewnia stopie neutralny zapach, uczucie sucho\u015bci i przyjemnego ch\u0142odu. Dla pe\u0142nego bezpiecze\u0144stwa wyposa\u017cono obuwie w lekki i trwa\u0142y podnosek kompozytowy oraz niemetalow\u0105 wk\u0142adk\u0119 antyprzebiciow\u0105 chroni\u0105c\u0105 przed przek\u0142uciem od pod\u0142o\u017ca z si\u0142\u0105 do 1100N.<strong> Solidnie skonstruowana dwuwarstwowa podeszwa PU\/ PU z systemem Shockabsorber<\/strong> jest wytrzyma\u0142a na rozci\u0105ganie, spr\u0119\u017cysta, odporna na \u015bcieranie i hydroliz\u0119, jest przeciwpo\u015blizgowa, doskonale poch\u0142ania energi\u0119 w cz\u0119\u015bci pi\u0119towej, jest nieprzemakalna od pod\u0142o\u017ca. Konstrukcja bie\u017cnika zapewnia odprowadzanie p\u0142ynu na zewn\u0105trz i nie dopuszcza do gromadzenia si\u0119 brudu co korzystnie wp\u0142ywa na przyczepno\u015b\u0107. Obuwie zaprojektowane tak, by optymalnie chroni\u0107 stopy, specjalnie wyprofilowany obcas zabezpiecza nog\u0119 przed skr\u0119ceniem, konstrukcja trzewika utrzymuje kostk\u0119 w odpowiednim miejscu chroni\u0105c przed zwichni\u0119ciem. Niezwykle zadaniowe i bezpieczne obuwie. Trzewiki spe\u0142niaj\u0105 wysokie normy bezpiecze\u0144stwa. Sprawdz\u0105 si\u0119 w r\u00f3\u017cnorodnym \u015brodowisku pracy.<\/p>\n<p><strong>CECHY PRODUKTU<\/strong><\/p>\n<ul>\n<li><strong>Trzewiki bezpieczne z podnoskiem i wk\u0142adk\u0105 antyprzebiciow\u0105 Q6\/ PPO <\/strong><\/li>\n<li>EN 20345 (\u015brodki ochrony indywidualnej &#8211; obuwie bezpieczne)<\/li>\n<li>S3 (ograniczona przepuszczalno\u015b\u0107 wody, odporno\u015b\u0107 na przebicie, rze\u017abiona podeszwa)<\/li>\n<li>CI (izolacja spodu od zimna)<\/li>\n<li>SRC (odporno\u015b\u0107 na po\u015blizg na pod\u0142o\u017cu ceramicznym pokrytym roztworem laurylosiarczanu sodu (SLS) i na pod\u0142o\u017cu ze stali pokrytym glicerolem)<\/li>\n<li>ESD (ochrona przed ryzykiem wy\u0142adowa\u0144 statycznych pracownika)<\/li>\n<li>Ochrona przed efektem ESD zgodnie z norm\u0105 PN-EN 61340-5-1:2017-01, posiada w\u0142a\u015bciwo\u015bci rozpraszaj\u0105ce<\/li>\n<li>Kolekcja PPO Q-Premium<\/li>\n<li>Obuwie bezpieczne<\/li>\n<li>Antyelektrostatyczne<\/li>\n<li>Bez metalu<\/li>\n<li>Kolor: czarno &#8211; niebieski<\/li>\n<li>Rozmiar: 39 &#8211; 48<\/li>\n<li>Cholewka: hydrofobizowana sk\u00f3ry nubukowej<\/li>\n<li>Podszewka: oddychaj\u0105ca<\/li>\n<li>Wy\u015bci\u00f3\u0142ka: higroskopijna z filtrem aktywnego w\u0119gla<\/li>\n<li>Podnosek kompozytowy<\/li>\n<li>Niemetalowa wk\u0142adka antyprzebiciowa<\/li>\n<li>Podeszwa: PU\/ PU z systemem Shockabsorber<\/li>\n<li>Wytrzyma\u0142o\u015b\u0107 na rozci\u0105ganie<\/li>\n<li>Elastyczno\u015b\u0107, spr\u0119\u017cysto\u015b\u0107<\/li>\n<li>Odporno\u015b\u0107 na \u015bcieranie i hydroliz\u0119<\/li>\n<li>Antypo\u015blizgowo\u015b\u0107<\/li>\n<li>Absorpcja energii w cz\u0119\u015bci pi\u0119towej<\/li>\n<li>Nieprzemakalno\u015b\u0107 od pod\u0142o\u017ca<\/li>\n<li>Konstrukcja obuwia zabezpieczaj\u0105ca przed skr\u0119ceniem, zwichni\u0119ciem<\/li>\n<li>Komfort i wygoda u\u017cytkowania<\/li>\n<\/ul>\n","protected":false},"excerpt":{"rendered":"<div class=\"col-md-4\">\n<div id=\"89eca25c-1252-458b-b537-35334a5cb445\" class=\"ins-v-photo-browser product-item\"><\/div>\n<\/div>\n<div class=\"col-md-8 product-details\">\n<div class=\"row\">\n<div class=\"description col-xl-10 mb-1\">Trzewiki bezpieczne z podnoskiem kompozytowym i niemetalow\u0105 wk\u0142adk\u0105 antyprzebiciow\u0105. PN-EN ISO 20345, S3, CI, SRC, ESD. Seria PPO Q-Premium, PU\/PU obuwie m\u0119skie metal free ESD. Konstrukcja trzewiki. Rodzaj obuwie m\u0119skie. Podeszwa PU\/PU.<\/div>\n<\/div>\n<\/div>\n","protected":false},"featured_media":505,"template":"","meta":{"_et_pb_use_builder":"","_et_pb_old_content":"","_et_gb_content_width":""},"product_brand":[],"product_cat":[40,93],"product_tag":[],"class_list":{"0":"post-504","1":"product","2":"type-product","3":"status-publish","4":"has-post-thumbnail","6":"product_cat-ochrona-nog","7":"product_cat-trzewiki","9":"first","10":"instock","11":"shipping-taxable","12":"product-type-simple"},"_links":{"self":[{"href":"https:\/\/ani-mex.com\/index.php?rest_route=\/wp\/v2\/product\/504","targetHints":{"allow":["GET"]}}],"collection":[{"href":"https:\/\/ani-mex.com\/index.php?rest_route=\/wp\/v2\/product"}],"about":[{"href":"https:\/\/ani-mex.com\/index.php?rest_route=\/wp\/v2\/types\/product"}],"wp:featuredmedia":[{"embeddable":true,"href":"https:\/\/ani-mex.com\/index.php?rest_route=\/wp\/v2\/media\/505"}],"wp:attachment":[{"href":"https:\/\/ani-mex.com\/index.php?rest_route=%2Fwp%2Fv2%2Fmedia&parent=504"}],"wp:term":[{"taxonomy":"product_brand","embeddable":true,"href":"https:\/\/ani-mex.com\/index.php?rest_route=%2Fwp%2Fv2%2Fproduct_brand&post=504"},{"taxonomy":"product_cat","embeddable":true,"href":"https:\/\/ani-mex.com\/index.php?rest_route=%2Fwp%2Fv2%2Fproduct_cat&post=504"},{"taxonomy":"product_tag","embeddable":true,"href":"https:\/\/ani-mex.com\/index.php?rest_route=%2Fwp%2Fv2%2Fproduct_tag&post=504"}],"curies":[{"name":"wp","href":"https:\/\/api.w.org\/{rel}","templated":true}]}}