{"id":542,"date":"2024-11-22T09:31:11","date_gmt":"2024-11-22T09:31:11","guid":{"rendered":"https:\/\/ani-mex.com\/?post_type=product&#038;p=542"},"modified":"2024-11-22T09:31:11","modified_gmt":"2024-11-22T09:31:11","slug":"trzewiki-72-z-metal-podnoskiem-ppo","status":"publish","type":"product","link":"https:\/\/ani-mex.com\/?product=trzewiki-72-z-metal-podnoskiem-ppo","title":{"rendered":"Trzewiki 72 z metal. podnoskiem PPO"},"content":{"rendered":"<p><strong>Trzewiki bezpieczne z podnoskiem 72\/ PPO<\/strong> spe\u0142niaj\u0105 normy <strong>EN 20345<\/strong> <strong>(\u015brodki ochrony indywidualnej &#8211; obuwie bezpieczne),<\/strong> <strong>S2<\/strong> (podnosek ochronny, zabudowana pi\u0119ta, odporno\u015b\u0107 na benzyny, oleje, rozpuszczalniki organiczne, w\u0142a\u015bciwo\u015bci antyelektrostatyczne, absorpcja energii w cz\u0119\u015bci pi\u0119towej, przepuszczalno\u015b\u0107 i absorpcja wody), <strong>SRC<\/strong> (odporno\u015b\u0107 na po\u015blizg).<strong> Kolekcja PPO PU\/ TPU series<\/strong>. Trzewiki robocze m\u0119skie, komfortowe, wytrzyma\u0142e i bardzo wygodne w u\u017cytkowaniu. Kolor: czarny. Rozmiar: 39 &#8211; 47. Antyelektrostatyczne. Model posiada wysok\u0105 cholewk\u0119, ko\u0142nierz i j\u0119zyk mi\u0119kko wyko\u0144czone, dopasowanie za pomoc\u0105 \u015bci\u0105gania sznur\u00f3wkami. <strong>Cholewka wykonana ze sk\u00f3ry licowej g\u0142adkiej<\/strong> o zmniejszonej absorpcji wody z wstawkami z oddychaj\u0105cego materia\u0142u. Podszewka z w\u0142\u00f3kniny obuwniczej o du\u017cej przepuszczalno\u015bci pary wodnej oraz odporno\u015bci na \u015bcieranie. Wewn\u0119trzna wy\u015bci\u00f3\u0142ka Comfort o wysokiej higroskopijno\u015bci. Obuwie wyposa\u017cono w metalowy podnosek chroni\u0105cy przed urazami o energii uderzenia do 200J. <strong>Dwuwarstwowa podeszwa z PU\/ TPU<\/strong> jest odporna na oleje, benzyn\u0119 i inne rozpuszczalniki organiczne, nie rysuje powierzchni, posiada bardzo dobre w\u0142a\u015bciwo\u015bci przeciwpo\u015blizgowe, jest elastyczna nawet w niskich temperaturach, odporna na \u015bcieranie, przeci\u0119cia i p\u0119kanie, odporna na temperatur\u0119 w kr\u00f3tkotrwa\u0142ym kontakcie do 120\u00b0C, poch\u0142ania energi\u0119 w cz\u0119\u015bci pi\u0119towej. Trzewiki wygodne, zapewniaj\u0105 stabilno\u015b\u0107 podczas chodzenia, zabezpieczaj\u0105 stopy przed urazami. Sprawdz\u0105 si\u0119 w trudnej bran\u017cy budowlanej, magazynowej, motoryzacyjnej, w transporcie, gospodarstwie.<\/p>\n<p><strong>CECHY PRODUKTU<\/strong><\/p>\n<ul>\n<li><strong>Trzewiki bezpieczne z podnoskiem 72\/ PPO<\/strong><\/li>\n<li>EN 20345 (\u015brodki ochrony indywidualnej &#8211; obuwie bezpieczne)<\/li>\n<li>S2 (podnosek ochronny, zabudowana pi\u0119ta, odporno\u015b\u0107 na benzyny, oleje, rozpuszczalniki organiczne, w\u0142a\u015bciwo\u015bci antyelektrostatyczne, absorpcja energii w cz\u0119\u015bci pi\u0119towej, przepuszczalno\u015b\u0107 i absorpcja wody)<\/li>\n<li>SRC (odporno\u015b\u0107 na po\u015blizg)<\/li>\n<li>Kolekcja PPO PU\/ TPU series<\/li>\n<li>Obuwie bezpieczne<\/li>\n<li>Antyelektrostatyczne<\/li>\n<li>Kolor: czarny<\/li>\n<li>Rozmiar: 39 &#8211; 47<\/li>\n<li>Cholewka: sk\u00f3ra licowa g\u0142adka<\/li>\n<li>Podszewka: w\u0142\u00f3knina obuwnicza<\/li>\n<li>Wy\u015bci\u00f3\u0142ka: higroskopijna<\/li>\n<li>Podnosek metalowy<\/li>\n<li>Podeszwa: PU\/ TPU<\/li>\n<li>Olejoodporno\u015b\u0107<\/li>\n<li>Antypo\u015blizgowo\u015b\u0107<\/li>\n<li>Elastyczno\u015b\u0107 nawet w niskich temperaturach<\/li>\n<li>Odporno\u015b\u0107 na \u015bcieranie, przeci\u0119cia i p\u0119kanie<\/li>\n<li>Odporno\u015b\u0107 na temperatur\u0119 w kr\u00f3tkotrwa\u0142ym kontakcie do 120\u00b0C<\/li>\n<li>Absorpcja energii w cz\u0119\u015bci pi\u0119towej<\/li>\n<li>Komfort i wygoda noszenia<\/li>\n<\/ul>\n","protected":false},"excerpt":{"rendered":"<p>Trzewiki bezpieczne z podnoskiem 72\/ PPO spe\u0142niaj\u0105 normy EN 20345 (\u015brodki ochrony indywidualnej &#8211; obuwie bezpieczne), S2 (podnosek ochronny, zabudowana pi\u0119ta, odporno\u015b\u0107 na benzyny, oleje, rozpuszczalniki organiczne, w\u0142a\u015bciwo\u015bci antyelektrostatyczne, absorpcja energii w cz\u0119\u015bci pi\u0119towej, przepuszczalno\u015b\u0107 i absorpcja wody), SRC (odporno\u015b\u0107 na po\u015blizg). Kolekcja PPO PU\/ TPU series. Trzewiki robocze m\u0119skie, komfortowe, wytrzyma\u0142e i bardzo wygodne [&hellip;]<\/p>\n","protected":false},"featured_media":543,"template":"","meta":{"_et_pb_use_builder":"","_et_pb_old_content":"","_et_gb_content_width":""},"product_brand":[],"product_cat":[40,93],"product_tag":[],"class_list":{"0":"post-542","1":"product","2":"type-product","3":"status-publish","4":"has-post-thumbnail","6":"product_cat-ochrona-nog","7":"product_cat-trzewiki","9":"first","10":"instock","11":"shipping-taxable","12":"purchasable","13":"product-type-simple"},"_links":{"self":[{"href":"https:\/\/ani-mex.com\/index.php?rest_route=\/wp\/v2\/product\/542","targetHints":{"allow":["GET"]}}],"collection":[{"href":"https:\/\/ani-mex.com\/index.php?rest_route=\/wp\/v2\/product"}],"about":[{"href":"https:\/\/ani-mex.com\/index.php?rest_route=\/wp\/v2\/types\/product"}],"wp:featuredmedia":[{"embeddable":true,"href":"https:\/\/ani-mex.com\/index.php?rest_route=\/wp\/v2\/media\/543"}],"wp:attachment":[{"href":"https:\/\/ani-mex.com\/index.php?rest_route=%2Fwp%2Fv2%2Fmedia&parent=542"}],"wp:term":[{"taxonomy":"product_brand","embeddable":true,"href":"https:\/\/ani-mex.com\/index.php?rest_route=%2Fwp%2Fv2%2Fproduct_brand&post=542"},{"taxonomy":"product_cat","embeddable":true,"href":"https:\/\/ani-mex.com\/index.php?rest_route=%2Fwp%2Fv2%2Fproduct_cat&post=542"},{"taxonomy":"product_tag","embeddable":true,"href":"https:\/\/ani-mex.com\/index.php?rest_route=%2Fwp%2Fv2%2Fproduct_tag&post=542"}],"curies":[{"name":"wp","href":"https:\/\/api.w.org\/{rel}","templated":true}]}}