{"id":567,"date":"2024-11-22T10:39:44","date_gmt":"2024-11-22T10:39:44","guid":{"rendered":"https:\/\/ani-mex.com\/?post_type=product&#038;p=567"},"modified":"2024-11-22T10:39:44","modified_gmt":"2024-11-22T10:39:44","slug":"trzewik-ppo-model-683","status":"publish","type":"product","link":"https:\/\/ani-mex.com\/?product=trzewik-ppo-model-683","title":{"rendered":"Trzewik PPO Model 683"},"content":{"rendered":"<div class=\"present_product_info_text\">\n<h5>Charakterystyka obuwia i jego walory u\u017cytkowe:<\/h5>\n<ul>\n<li>cholewki wykonane z mi\u0119kkiej, przyjaznej sk\u00f3rze, zaawansowanej technicznie mikrofibry o strukturze weluru, wysokiej oddychalno\u015bci i odporno\u015bci na \u015bcieranie<\/li>\n<li>dodatkowa ochrona czubka chroni obuwie przed mechanicznymi uszkodzeniami<\/li>\n<li>oddychaj\u0105ca podszewka Solar Spezial\u00ae o strukturze 3D z otworkami powietrznymi gwarantuj\u0105ca bardzo dobr\u0105 przepuszczalno\u015b\u0107 powietrza oraz odprowadzanie pary wodnej. Wysoka odporno\u015b\u0107 na \u015bcieranie i rozdzieranie oraz skuteczna wentylacja gwarantuj\u0105 bardzo dobre w\u0142a\u015bciwo\u015bci higieniczne i komfort u\u017cytkowania tak\u017ce w wy\u017cszych temperaturach.<\/li>\n<li>dwuwarstwowa podeszwa PU\/TPU, bie\u017cnik wykonany z litego, transparentnego poliuretanu termoplastycznego, mi\u0119dzypodeszwa wykonana ze spienionego poliuretanu kom\u00f3rkowego, odporna na oleje, benzyn\u0119 i inne rozpuszczalniki organiczne<\/li>\n<li>nie rysuje powierzchni<\/li>\n<li>chroni przed po\u015blizgiem w klasie SRC<\/li>\n<li>odporne na \u015bcieranie, przeci\u0119cia i p\u0119kanie, zabezpiecza przed pog\u0142\u0119bianiem si\u0119 rys powsta\u0142ych w wyniku mechanicznego uszkodzenia podeszwy<\/li>\n<li>lekkie i elastyczne<\/li>\n<li>poch\u0142ania energi\u0119 w cz\u0119\u015bci pi\u0119towej<\/li>\n<li>trwa\u0142e i wytrzyma\u0142e, skutecznie \u0142agodzi nier\u00f3wno\u015bci pod\u0142o\u017ca<\/li>\n<li>z metalowym podnoskiem chroni\u0105cym przed uderzeniami z energi\u0105 do 200J<\/li>\n<li>z niemetalow\u0105 wk\u0142adk\u0105 antyprzebiciow\u0105 chroni\u0105c\u0105 przed przek\u0142uciem od pod\u0142o\u017ca z si\u0142\u0105 do 1100 N<\/li>\n<li>wysokiej jako\u015bci materia\u0142y oraz zastosowana konstrukcja zapewniaj\u0105 bardzo dobre w\u0142a\u015bciwo\u015bci higieniczne obuwia<\/li>\n<li>wyposa\u017cone w mi\u0119kk\u0105, wygodn\u0105, przyjazn\u0105 sk\u00f3rze stopy, higroskopijn\u0105 wy\u015bci\u00f3\u0142k\u0119 Air Plus\u00ae o w\u0142a\u015bciwo\u015bciach przeciwpotnych. Mi\u0119kki amortyzator w obszarze pi\u0119ty dodatkowo poch\u0142ania energi\u0119 i zapewnia poczucie komfortu i wygody<\/li>\n<li>bardzo dobra wentylacja i w\u0142a\u015bciwo\u015bci higieniczne obuwia<\/li>\n<li>antyelektrostatyczne<\/li>\n<li>obuwie produkowane jest w numeracji francuskiej w rozmiarach od 39 do 47<\/li>\n<li>t\u0119go\u015b\u0107 &#8211; H 1\/2<\/li>\n<\/ul>\n<\/div>\n","protected":false},"excerpt":{"rendered":"<ul>\n<li>cholewki wykonane z mi\u0119kkiej, przyjaznej sk\u00f3rze, zaawansowanej technicznie mikrofibry o strukturze weluru, wysokiej oddychalno\u015bci i odporno\u015bci na \u015bcieranie<\/li>\n<li>dodatkowa ochrona czubka chroni obuwie przed mechanicznymi uszkodzeniami<\/li>\n<\/ul>\n","protected":false},"featured_media":568,"template":"","meta":{"_et_pb_use_builder":"","_et_pb_old_content":"","_et_gb_content_width":""},"product_brand":[],"product_cat":[40,93],"product_tag":[],"class_list":{"0":"post-567","1":"product","2":"type-product","3":"status-publish","4":"has-post-thumbnail","6":"product_cat-ochrona-nog","7":"product_cat-trzewiki","9":"first","10":"instock","11":"shipping-taxable","12":"purchasable","13":"product-type-simple"},"_links":{"self":[{"href":"https:\/\/ani-mex.com\/index.php?rest_route=\/wp\/v2\/product\/567","targetHints":{"allow":["GET"]}}],"collection":[{"href":"https:\/\/ani-mex.com\/index.php?rest_route=\/wp\/v2\/product"}],"about":[{"href":"https:\/\/ani-mex.com\/index.php?rest_route=\/wp\/v2\/types\/product"}],"wp:featuredmedia":[{"embeddable":true,"href":"https:\/\/ani-mex.com\/index.php?rest_route=\/wp\/v2\/media\/568"}],"wp:attachment":[{"href":"https:\/\/ani-mex.com\/index.php?rest_route=%2Fwp%2Fv2%2Fmedia&parent=567"}],"wp:term":[{"taxonomy":"product_brand","embeddable":true,"href":"https:\/\/ani-mex.com\/index.php?rest_route=%2Fwp%2Fv2%2Fproduct_brand&post=567"},{"taxonomy":"product_cat","embeddable":true,"href":"https:\/\/ani-mex.com\/index.php?rest_route=%2Fwp%2Fv2%2Fproduct_cat&post=567"},{"taxonomy":"product_tag","embeddable":true,"href":"https:\/\/ani-mex.com\/index.php?rest_route=%2Fwp%2Fv2%2Fproduct_tag&post=567"}],"curies":[{"name":"wp","href":"https:\/\/api.w.org\/{rel}","templated":true}]}}