{"id":589,"date":"2024-11-22T11:11:39","date_gmt":"2024-11-22T11:11:39","guid":{"rendered":"https:\/\/ani-mex.com\/?post_type=product&#038;p=589"},"modified":"2024-11-22T11:11:39","modified_gmt":"2024-11-22T11:11:39","slug":"trzewiki-031-bez-podnoska-ocieplane-ppo","status":"publish","type":"product","link":"https:\/\/ani-mex.com\/?product=trzewiki-031-bez-podnoska-ocieplane-ppo","title":{"rendered":"Trzewiki 031 bez podnoska ocieplane PPO"},"content":{"rendered":"<p><strong>Trzewiki zawodowe bez podnoska ocieplane 031\/ PPO<\/strong> spe\u0142niaj\u0105 normy <strong>EN 20347 (\u015brodki ochrony indywidualnej- obuwie zawodowe), O1 <\/strong>(obuwie zawodowe- zabudowana pi\u0119ta, odporno\u015b\u0107 na w\u0119glowodory, olej nap\u0119dowy, w\u0142a\u015bciwo\u015bci antyelektrostatyczne podeszwy, absorpcja energii w cz\u0119\u015bci pi\u0119towej), <strong>CI<\/strong> (izolacja spodu od zimna), <strong>FO<\/strong> (odporno\u015b\u0107 podeszwy na olej nap\u0119dowy), <strong>SRC<\/strong> (odporno\u015b\u0107 na po\u015blizg na pod\u0142o\u017cu ceramicznym pokrytym roztworem laurylosiarczanu sodu (SLS) i na pod\u0142o\u017cu ze stali pokrytym glicerolem). <strong>Kolekcja PPO Winter<\/strong>. Wysokie trzewiki do u\u017cytku zawodowego, wytrzyma\u0142e i komfortowe w noszeniu. Obuwie antyelektrostatyczne. Bez podnoska. Kolor: czarny. Rozmiar: 36 &#8211; 48. Model z wysok\u0105 cholewk\u0105 za kostk\u0119, ko\u0142nierzem ochronnym, wype\u0142nionym piank\u0105 lateksow\u0105, p\u00f3\u0142miechowy j\u0119zyk sk\u00f3rzany, dopasowaniem za pomoc\u0105 \u015bci\u0105gania sznur\u00f3wkami. <strong>Cholewka ze sk\u00f3ry naturalnej<\/strong>. Podszewka z materia\u0142u ocieplaj\u0105cego oraz wy\u015bci\u00f3\u0142ka z materia\u0142u ocieplaj\u0105cego. <strong>Podeszwa z dwuwarstwowego poliuretanu PU\/ PU<\/strong> jest odporna na oleje, smary, benzyn\u0119 i inne rozpuszczalniki organiczne, odporna na \u015bcieranie, p\u0119kanie i przecinanie, elastyczna, skutecznie \u0142agodzi nier\u00f3wno\u015bci pod\u0142o\u017ca, poch\u0142ania energi\u0119 w cz\u0119\u015bci pi\u0119towej Forma podeszwy i g\u0142\u0119boki protektor gwarantuje jej wysok\u0105 stabilno\u015b\u0107 oraz doskonale chroni przed po\u015blizgiem. Specjalnie wyprofilowany obcas dodatkowo chroni nog\u0119 przed skr\u0119ceniem, gwarantuje stabilno\u015b\u0107 i komfort chodzenia.<\/p>\n<p><strong>CECHY PRODUKTU<\/strong><\/p>\n<ul>\n<li><strong>Trzewiki zawodowe bez podnoska ocieplane 031\/ PPO<\/strong><\/li>\n<li>EN 20347 (\u015brodki ochrony indywidualnej- obuwie zawodowe)<\/li>\n<li>O1 (obuwie zawodowe- zabudowana pi\u0119ta, odporno\u015b\u0107 na w\u0119glowodory, olej nap\u0119dowy, w\u0142a\u015bciwo\u015bci antyelektrostatyczne podeszwy, absorpcja energii w cz\u0119\u015bci pi\u0119towej)<\/li>\n<li>CI (izolacja spodu od zimna)<\/li>\n<li>FO (odporno\u015b\u0107 podeszwy na olej nap\u0119dowy)<\/li>\n<li>SRC (odporno\u015b\u0107 na po\u015blizg na pod\u0142o\u017cu ceramicznym pokrytym roztworem laurylosiarczanu sodu (SLS) i na pod\u0142o\u017cu ze stali pokrytym glicerolem)<\/li>\n<li>Kolekcja PPO Winter<\/li>\n<li>Obuwie zawodowe<\/li>\n<li>Kolor: czarny<\/li>\n<li>Rozmiar: 36 &#8211; 48<\/li>\n<li>Cholewka: sk\u00f3ra naturalna<\/li>\n<li>Podszewka: materia\u0142 ocieplaj\u0105cy<\/li>\n<li>Wy\u015bci\u00f3\u0142ka: materia\u0142 ocieplaj\u0105cy<\/li>\n<li>Podeszwa: PU\/ PU<\/li>\n<li>Olejoodporno\u015b\u0107<\/li>\n<li>Antypo\u015blizgowo\u015b\u0107<\/li>\n<li>Absorpcja energii w cz\u0119\u015bci pi\u0119towej<\/li>\n<li>Komfort u\u017cytkowania<\/li>\n<\/ul>\n","protected":false},"excerpt":{"rendered":"<p><strong>Trzewiki zawodowe bez podnoska ocieplane 031\/ PPO<\/strong> spe\u0142niaj\u0105 normy <strong>EN 20347 (\u015brodki ochrony indywidualnej- obuwie zawodowe), O1 <\/strong>(obuwie zawodowe- zabudowana pi\u0119ta, odporno\u015b\u0107 na w\u0119glowodory, olej nap\u0119dowy, w\u0142a\u015bciwo\u015bci antyelektrostatyczne podeszwy, absorpcja energii w cz\u0119\u015bci pi\u0119towej), <strong>CI<\/strong> (izolacja spodu od zimna), <strong>FO<\/strong> (odporno\u015b\u0107 podeszwy na olej nap\u0119dowy), <strong>SRC<\/strong> (odporno\u015b\u0107 na po\u015blizg na pod\u0142o\u017cu ceramicznym pokrytym roztworem laurylosiarczanu sodu (SLS) i na pod\u0142o\u017cu ze stali pokrytym glicerolem). <strong>Kolekcja PPO Winter<\/strong>.<\/p>\n","protected":false},"featured_media":590,"template":"","meta":{"_et_pb_use_builder":"","_et_pb_old_content":"","_et_gb_content_width":""},"product_brand":[],"product_cat":[40,93],"product_tag":[],"class_list":{"0":"post-589","1":"product","2":"type-product","3":"status-publish","4":"has-post-thumbnail","6":"product_cat-ochrona-nog","7":"product_cat-trzewiki","9":"first","10":"instock","11":"shipping-taxable","12":"purchasable","13":"product-type-simple"},"_links":{"self":[{"href":"https:\/\/ani-mex.com\/index.php?rest_route=\/wp\/v2\/product\/589","targetHints":{"allow":["GET"]}}],"collection":[{"href":"https:\/\/ani-mex.com\/index.php?rest_route=\/wp\/v2\/product"}],"about":[{"href":"https:\/\/ani-mex.com\/index.php?rest_route=\/wp\/v2\/types\/product"}],"wp:featuredmedia":[{"embeddable":true,"href":"https:\/\/ani-mex.com\/index.php?rest_route=\/wp\/v2\/media\/590"}],"wp:attachment":[{"href":"https:\/\/ani-mex.com\/index.php?rest_route=%2Fwp%2Fv2%2Fmedia&parent=589"}],"wp:term":[{"taxonomy":"product_brand","embeddable":true,"href":"https:\/\/ani-mex.com\/index.php?rest_route=%2Fwp%2Fv2%2Fproduct_brand&post=589"},{"taxonomy":"product_cat","embeddable":true,"href":"https:\/\/ani-mex.com\/index.php?rest_route=%2Fwp%2Fv2%2Fproduct_cat&post=589"},{"taxonomy":"product_tag","embeddable":true,"href":"https:\/\/ani-mex.com\/index.php?rest_route=%2Fwp%2Fv2%2Fproduct_tag&post=589"}],"curies":[{"name":"wp","href":"https:\/\/api.w.org\/{rel}","templated":true}]}}