{"id":592,"date":"2024-11-22T11:18:50","date_gmt":"2024-11-22T11:18:50","guid":{"rendered":"https:\/\/ani-mex.com\/?post_type=product&#038;p=592"},"modified":"2024-11-22T11:18:50","modified_gmt":"2024-11-22T11:18:50","slug":"buty-1044-z-poliuretanu-z-metal-podnoskiem-ppo","status":"publish","type":"product","link":"https:\/\/ani-mex.com\/?product=buty-1044-z-poliuretanu-z-metal-podnoskiem-ppo","title":{"rendered":"Buty 1044 z poliuretanu z metal. podnoskiem PPO"},"content":{"rendered":"<p><strong>Buty 1044\/ S4 CI SRC\/ PPO<\/strong> spe\u0142niaj\u0105 normy<strong> EN-20345 (\u015brodki ochrony indywidualnej-obuwie bezpieczne). Kolekcja PPO PU boots. <\/strong>Obuwie bezpieczne ca\u0142otworzywowe z poliuretanu. Antyelektrostatyczne. <strong>Cholewka z poliuretanu kom\u00f3rkowego<\/strong> o wysokiej elastyczno\u015bci a <strong>podeszwa z litego poliuretanu<\/strong> o wysokiej odporno\u015bci na \u015bcieranie i rozdzieranie. Posiadaj\u0105 <strong>stalowy podnosek<\/strong>, odporny na uderzenia z si\u0142\u0105 200J. Obuwie jest wytrzyma\u0142e i bardzo trwa\u0142e, \u0142atwe w utrzymaniu czysto\u015bci i dezynfekcji. Antybakteryjna wy\u015bci\u00f3\u0142ka z materia\u0142u Sanitized\u00ae doskonale absorbuje wilgo\u0107, poch\u0142ania pot i zapobiega rozwojowi bakterii. Solidna, rze\u017abiona podeszwa jest odporna na po\u015blizg, ma samoczyszcz\u0105cy bie\u017cnik, posiada doskona\u0142e w\u0142a\u015bciwo\u015bci izoluj\u0105ce, zapobiega przegrzaniu i wych\u0142odzeniu st\u00f3p. Wykazuje odporno\u015b\u0107 na dzia\u0142anie oleju nap\u0119dowego, rozcie\u0144czonych kwas\u00f3w i zasad, oleju ro\u015blinnego oraz detergent\u00f3w, jest odporna na temperatur\u0119 do 150\u00b0C w kr\u00f3tkotrwa\u0142ym kontakcie. Stabilna, elastyczna podeszwa zapobiega zm\u0119czeniu st\u00f3p i ma doskona\u0142\u0105 amortyzacj\u0119. Dedykowane do prac w budownictwie, rolnictwie, ogrodnictwie, le\u015bnictwie, dla w\u0119dkarzy i my\u015bliwych.<\/p>\n<p><strong>CECHY PRODUKTU<\/strong><\/p>\n<ul>\n<li><strong>Buty ca\u0142otworzywowe S4 CI SRC<\/strong><\/li>\n<li><strong>EN-20345<\/strong> (\u015brodki ochrony indywidualnej-obuwie bezpieczne)<\/li>\n<li>Kolekcja PPO PU boots<\/li>\n<li>W ca\u0142o\u015bci z poliuretanu<\/li>\n<li>Wytrzyma\u0142e i bardzo trwa\u0142e<\/li>\n<li>Wysoki komfort u\u017cytkowania<\/li>\n<li>Odporno\u015b\u0107 na \u015bcieranie i rozdarcie<\/li>\n<li>Wy\u015bci\u00f3\u0142ka antybakteryjna Sanitized\u00ae<\/li>\n<li>Antyelektrostatyczno\u015b\u0107<\/li>\n<li>Stalowy podnosek, odporny na uderzenia z si\u0142\u0105 200J<\/li>\n<li>Rze\u017abiony, antypo\u015blizgowy, samoczyszcz\u0105cy bie\u017cnik<\/li>\n<li>Odporno\u015b\u0107 na oleje<\/li>\n<li>Odporno\u015b\u0107 na temperatur\u0119 do 150\u00b0C w kr\u00f3tkotrwa\u0142ym kontakcie<\/li>\n<li>Doskona\u0142a amortyzacja<\/li>\n<li>Damska\/ m\u0119ska t\u0119go\u015b\u0107 obuwia<\/li>\n<\/ul>\n","protected":false},"excerpt":{"rendered":"<p><strong>Buty 1044\/ S4 CI SRC\/ PPO<\/strong> spe\u0142niaj\u0105 normy<strong> EN-20345 (\u015brodki ochrony indywidualnej-obuwie bezpieczne). Kolekcja PPO PU boots. <\/strong>Obuwie bezpieczne ca\u0142otworzywowe z poliuretanu. Antyelektrostatyczne. <strong>Cholewka z poliuretanu kom\u00f3rkowego<\/strong> o wysokiej elastyczno\u015bci a <strong>podeszwa z litego poliuretanu<\/strong> o wysokiej odporno\u015bci na \u015bcieranie i rozdzieranie. Posiadaj\u0105 <strong>stalowy podnosek<\/strong>, odporny na uderzenia z si\u0142\u0105 200J<\/p>\n","protected":false},"featured_media":593,"template":"","meta":{"_et_pb_use_builder":"","_et_pb_old_content":"","_et_gb_content_width":""},"product_brand":[],"product_cat":[96,40],"product_tag":[],"class_list":{"0":"post-592","1":"product","2":"type-product","3":"status-publish","4":"has-post-thumbnail","6":"product_cat-kalosze-i-buty-gumowe","7":"product_cat-ochrona-nog","9":"first","10":"instock","11":"shipping-taxable","12":"purchasable","13":"product-type-simple"},"_links":{"self":[{"href":"https:\/\/ani-mex.com\/index.php?rest_route=\/wp\/v2\/product\/592","targetHints":{"allow":["GET"]}}],"collection":[{"href":"https:\/\/ani-mex.com\/index.php?rest_route=\/wp\/v2\/product"}],"about":[{"href":"https:\/\/ani-mex.com\/index.php?rest_route=\/wp\/v2\/types\/product"}],"wp:featuredmedia":[{"embeddable":true,"href":"https:\/\/ani-mex.com\/index.php?rest_route=\/wp\/v2\/media\/593"}],"wp:attachment":[{"href":"https:\/\/ani-mex.com\/index.php?rest_route=%2Fwp%2Fv2%2Fmedia&parent=592"}],"wp:term":[{"taxonomy":"product_brand","embeddable":true,"href":"https:\/\/ani-mex.com\/index.php?rest_route=%2Fwp%2Fv2%2Fproduct_brand&post=592"},{"taxonomy":"product_cat","embeddable":true,"href":"https:\/\/ani-mex.com\/index.php?rest_route=%2Fwp%2Fv2%2Fproduct_cat&post=592"},{"taxonomy":"product_tag","embeddable":true,"href":"https:\/\/ani-mex.com\/index.php?rest_route=%2Fwp%2Fv2%2Fproduct_tag&post=592"}],"curies":[{"name":"wp","href":"https:\/\/api.w.org\/{rel}","templated":true}]}}