{"id":599,"date":"2024-11-22T11:31:42","date_gmt":"2024-11-22T11:31:42","guid":{"rendered":"https:\/\/ani-mex.com\/?post_type=product&#038;p=599"},"modified":"2024-11-22T11:31:42","modified_gmt":"2024-11-22T11:31:42","slug":"polbuty-317-z-metal-podnoskiem-ppo","status":"publish","type":"product","link":"https:\/\/ani-mex.com\/?product=polbuty-317-z-metal-podnoskiem-ppo","title":{"rendered":"P\u00f3\u0142buty 317 z metal. podnoskiem PPO"},"content":{"rendered":"<p><strong>M\u0119skie p\u00f3\u0142buty z metalowym podnoskiem 317\/ PPO <\/strong>spe\u0142nia normy<strong> EN 20345 (\u015brodki ochrony indywidualnej &#8211; obuwie bezpieczne), S1<\/strong> (obuwie bezpieczne z podnoskiem, zabudowan\u0105 pi\u0119t\u0105, absorbcja energii w cz\u0119\u015bci pi\u0119towej), <strong>SRC<\/strong> (odporno\u015b\u0107 na po\u015blizg na pod\u0142o\u017cu ceramicznym pokrytym roztworem laurylosiarczanu sodu (SLS) i na pod\u0142o\u017cu ze stali pokrytym glicerolem).<strong> Kolekcja PPO for safety. <\/strong>Bardzo komfortowe obuwie z podnoskiem. P\u00f3\u0142buty w kolorze czarnym. Rozmiar 39-48. Wytrzyma\u0142e, antystatyczne i antypo\u015blizgowe. <strong>Cholewka ze sk\u00f3ry licowej t\u0142oczonej. <\/strong>Odznacza si\u0119 bardzo dobrymi w\u0142a\u015bciwo\u015bciami higienicznymi. Obszar pi\u0119ty zosta\u0142 wyko\u0144czony mi\u0119kkim ko\u0142nierzem wype\u0142nionym piank\u0105 lateksow\u0105, j\u0119zyk sk\u00f3rzany. Podszewka wykonana z materia\u0142\u00f3w przepuszczaj\u0105cych par\u0119 wodn\u0105: podszewka przyszwy &#8211; w\u0142\u00f3knina Ibiline, ob\u0142o\u017cyny &#8211; w\u0142\u00f3knina Super Royal\u00ae. Obuwie posiada higroskopijn\u0105 profilowan\u0105 wy\u015bci\u00f3\u0142k\u0119 z bardzo dobrymi w\u0142a\u015bciwo\u015bciami higienicznymi. Metalowy podnosek chroni przed urazami o energii uderzenia do 200 J lub naciskiem o sile 15 kN, uskok podnoska wewn\u0105trz obuwia skutecznie \u0142agodzi pianka poliuretanowa, dzi\u0119ki czemu podnosek jest prawie niewyczuwalny. Solidna podeszwa z samoczyszcz\u0105cym bie\u017cnikiem wykonana z dwuwarstwowego poliuretanu<strong> PU\/PU.<\/strong> Warstwa zewn\u0119trzna (na styku z pod\u0142o\u017cem) to lity poliuretan odporny na \u015bcieranie, przecinanie i p\u0119kanie. Warstwa wewn\u0119trzna to spieniony poliuretan sprawiaj\u0105cy, \u017ce obuwie jest lekkie, elastyczne i skutecznie \u0142agodzi nier\u00f3wno\u015bci pod\u0142o\u017ca. Odporna na oleje, benzyn\u0119 i inne rozpuszczalniki organiczne, posiada w\u0142a\u015bciwo\u015bci antyelektrostatyczne i przeciwpo\u015blizgowe. Podeszwa jest odporna na temperatur\u0119 w kr\u00f3tkotrwa\u0142ym kontakcie do 180\u00b0C. Doskona\u0142a amortyzacja w obszarze pi\u0119ty niweluje wstrz\u0105sy, wp\u0142ywa pozytywnie na d\u0142ugotrwa\u0142e lub nadmierne obci\u0105\u017cenie stopy w pozycji statycznej i dynamicznym ruchu. Specjalnie wyprofilowany obcas dodatkowo chroni nog\u0119 przed skr\u0119ceniem. Bardzo wygodne p\u00f3\u0142buty mog\u0105 by\u0107 stosowane w przemy\u015ble ci\u0119\u017ckim i lekkim. Polecane dla bran\u017cy budowlano-remontowej na magazyn, hale produkcyjne do pracy w gospodarstwie.<\/p>\n<p><strong>CECHY PRODUKTU<\/strong><\/p>\n<ul>\n<li><strong>P\u00f3\u0142buty z metalowym podnoskiem 317\/ PPO<\/strong><\/li>\n<li>EN 20345 (\u015brodki ochrony indywidualnej &#8211; obuwie bezpieczne)<\/li>\n<li>S1 (obuwie bezpieczne z podnoskiem, zabudowan\u0105 pi\u0119t\u0105, absorbcja energii w cz\u0119\u015bci pi\u0119towej)<\/li>\n<li>SRC (odporno\u015b\u0107 na po\u015blizg na pod\u0142o\u017cu ceramicznym pokrytym roztworem laurylosiarczanu sodu (SLS) i na pod\u0142o\u017cu ze stali pokrytym glicerolem)<\/li>\n<li>Kolekcja PPO for safety<\/li>\n<li>Kolor: czarny<\/li>\n<li>Rozmiar: 39-48<\/li>\n<li>Cholewka: sk\u00f3ra licowa t\u0142oczona<\/li>\n<li>Podszewka: w\u0142\u00f3knina Ibiline, ob\u0142o\u017cyny \u2013 w\u0142\u00f3knina Super Royal\u00ae<\/li>\n<li>Higroskopijna profilowana wy\u015bci\u00f3\u0142ka<\/li>\n<li>Metalowy podnosek<\/li>\n<li>Podeszwa: PU\/PU<\/li>\n<li>W\u0142a\u015bciwo\u015bci antyelektrostatyczne<\/li>\n<li>W\u0142a\u015bciwo\u015bci antypo\u015blizgowe<\/li>\n<li>Nieprzemakalne od pod\u0142o\u017ca<\/li>\n<li>Wyprofilowany obcas<\/li>\n<li>Mi\u0119kki ko\u0142nierz wype\u0142niony piank\u0105 lateksow\u0105, sk\u00f3rzany j\u0119zyk<\/li>\n<li>Absorbcja energii w cz\u0119\u015bci pi\u0119towej<\/li>\n<li>Podeszwa odporna na temperatur\u0119 w kr\u00f3tkotrwa\u0142ym kontakcie do 180\u00b0C<\/li>\n<li>Samoczyszcz\u0105cy bie\u017cnik<\/li>\n<li>Komfort i wygoda noszenia<\/li>\n<\/ul>\n","protected":false},"excerpt":{"rendered":"<p><strong>M\u0119skie p\u00f3\u0142buty z metalowym podnoskiem 317\/ PPO <\/strong>spe\u0142nia normy<strong> EN 20345 (\u015brodki ochrony indywidualnej &#8211; obuwie bezpieczne), S1<\/strong> (obuwie bezpieczne z podnoskiem, zabudowan\u0105 pi\u0119t\u0105, absorbcja energii w cz\u0119\u015bci pi\u0119towej), <strong>SRC<\/strong> (odporno\u015b\u0107 na po\u015blizg na pod\u0142o\u017cu ceramicznym pokrytym roztworem laurylosiarczanu sodu (SLS) i na pod\u0142o\u017cu ze stali pokrytym glicerolem).<strong> Kolekcja PPO for safety.<\/strong><\/p>\n","protected":false},"featured_media":600,"template":"","meta":{"_et_pb_use_builder":"","_et_pb_old_content":"","_et_gb_content_width":""},"product_brand":[],"product_cat":[40,94],"product_tag":[],"class_list":{"0":"post-599","1":"product","2":"type-product","3":"status-publish","4":"has-post-thumbnail","6":"product_cat-ochrona-nog","7":"product_cat-polbuty","9":"first","10":"instock","11":"shipping-taxable","12":"purchasable","13":"product-type-simple"},"_links":{"self":[{"href":"https:\/\/ani-mex.com\/index.php?rest_route=\/wp\/v2\/product\/599","targetHints":{"allow":["GET"]}}],"collection":[{"href":"https:\/\/ani-mex.com\/index.php?rest_route=\/wp\/v2\/product"}],"about":[{"href":"https:\/\/ani-mex.com\/index.php?rest_route=\/wp\/v2\/types\/product"}],"wp:featuredmedia":[{"embeddable":true,"href":"https:\/\/ani-mex.com\/index.php?rest_route=\/wp\/v2\/media\/600"}],"wp:attachment":[{"href":"https:\/\/ani-mex.com\/index.php?rest_route=%2Fwp%2Fv2%2Fmedia&parent=599"}],"wp:term":[{"taxonomy":"product_brand","embeddable":true,"href":"https:\/\/ani-mex.com\/index.php?rest_route=%2Fwp%2Fv2%2Fproduct_brand&post=599"},{"taxonomy":"product_cat","embeddable":true,"href":"https:\/\/ani-mex.com\/index.php?rest_route=%2Fwp%2Fv2%2Fproduct_cat&post=599"},{"taxonomy":"product_tag","embeddable":true,"href":"https:\/\/ani-mex.com\/index.php?rest_route=%2Fwp%2Fv2%2Fproduct_tag&post=599"}],"curies":[{"name":"wp","href":"https:\/\/api.w.org\/{rel}","templated":true}]}}