{"id":621,"date":"2024-11-22T11:55:23","date_gmt":"2024-11-22T11:55:23","guid":{"rendered":"https:\/\/ani-mex.com\/?post_type=product&#038;p=621"},"modified":"2024-11-22T11:55:23","modified_gmt":"2024-11-22T11:55:23","slug":"trzewiki-cxs-universe-stratus-s3s-czarno-zielony","status":"publish","type":"product","link":"https:\/\/ani-mex.com\/?product=trzewiki-cxs-universe-stratus-s3s-czarno-zielony","title":{"rendered":"Trzewiki CXS Universe Stratus S3S &#8211; czarno-zielony"},"content":{"rendered":"","protected":false},"excerpt":{"rendered":"<div id=\"nav-section__product-description\" class=\"tab-pane fade show active\" role=\"tabpanel\">\n<div class=\"productDescription\">\n<ul>\n<li>Trzewik sk\u00f3rzany z plastikowym noskiem i wk\u0142adk\u0105 Dyna-Flex\u00ae, elementy odblaskowe.<\/li>\n<li>Specjalny system zapinania pozwala na szybkie zdejmowanie but\u00f3w.<\/li>\n<li>Materia\u0142: cholewka z 1,6 &#8211; 1,8 mm dwoiny nubukowej (z jednego kawa\u0142ka), nosek z PU wzmocnieniem, TPU napi\u0119tek ochronny, podszewka z w\u0142\u00f3kniny przewiewnej odpornej na \u015bcieranie, podeszwa: PU-PU, olejoodporna, antystatyczna, przeciwpo\u015blizgowa, odporna na przebicie.<\/li>\n<\/ul>\n<\/div>\n<\/div>\n","protected":false},"featured_media":622,"template":"","meta":{"_et_pb_use_builder":"","_et_pb_old_content":"","_et_gb_content_width":""},"product_brand":[],"product_cat":[40,93],"product_tag":[],"class_list":{"0":"post-621","1":"product","2":"type-product","3":"status-publish","4":"has-post-thumbnail","6":"product_cat-ochrona-nog","7":"product_cat-trzewiki","9":"first","10":"instock","11":"shipping-taxable","12":"purchasable","13":"product-type-simple"},"_links":{"self":[{"href":"https:\/\/ani-mex.com\/index.php?rest_route=\/wp\/v2\/product\/621","targetHints":{"allow":["GET"]}}],"collection":[{"href":"https:\/\/ani-mex.com\/index.php?rest_route=\/wp\/v2\/product"}],"about":[{"href":"https:\/\/ani-mex.com\/index.php?rest_route=\/wp\/v2\/types\/product"}],"wp:featuredmedia":[{"embeddable":true,"href":"https:\/\/ani-mex.com\/index.php?rest_route=\/wp\/v2\/media\/622"}],"wp:attachment":[{"href":"https:\/\/ani-mex.com\/index.php?rest_route=%2Fwp%2Fv2%2Fmedia&parent=621"}],"wp:term":[{"taxonomy":"product_brand","embeddable":true,"href":"https:\/\/ani-mex.com\/index.php?rest_route=%2Fwp%2Fv2%2Fproduct_brand&post=621"},{"taxonomy":"product_cat","embeddable":true,"href":"https:\/\/ani-mex.com\/index.php?rest_route=%2Fwp%2Fv2%2Fproduct_cat&post=621"},{"taxonomy":"product_tag","embeddable":true,"href":"https:\/\/ani-mex.com\/index.php?rest_route=%2Fwp%2Fv2%2Fproduct_tag&post=621"}],"curies":[{"name":"wp","href":"https:\/\/api.w.org\/{rel}","templated":true}]}}