{"id":652,"date":"2024-11-26T09:57:50","date_gmt":"2024-11-26T09:57:50","guid":{"rendered":"https:\/\/ani-mex.com\/?post_type=product&#038;p=652"},"modified":"2024-11-26T09:57:50","modified_gmt":"2024-11-26T09:57:50","slug":"sandaly-52-z-metal-podnoskiem-ppo","status":"publish","type":"product","link":"https:\/\/ani-mex.com\/?product=sandaly-52-z-metal-podnoskiem-ppo","title":{"rendered":"Sanda\u0142y 52 z metal. podnoskiem PPO"},"content":{"rendered":"<p><strong>Sanda\u0142y 52\/ PPO <\/strong>spe\u0142niaj\u0105 normy<strong> EN 20345 (\u015brodki ochrony indywidualnej &#8211; obuwie bezpieczne). Kolekcja PPO PU\/ TPU series. <\/strong>Bardzo wytrzyma\u0142e, antystatyczne, antypo\u015blizgowe sanda\u0142y robocze w kolorystyce czarno-br\u0105zowej, wyst\u0119puj\u0105 w rozmiarach od 39 do 47. <strong>Cholewka ze sk\u00f3ry licowej bydl\u0119cej i sk\u00f3ry welurowej <\/strong>z perforacj\u0105 w cz\u0119\u015bci przedniej i z du\u017cymi otworami wentylacyjnymi po bokach. Wewn\u0105trz podszewka z w\u0142\u00f3kniny obuwniczej o du\u017cej przepuszczalno\u015bci pary wodnej oraz odporno\u015bci na \u015bcieranie oraz wyjmowan\u0105 higroskopijn\u0105 wy\u015bci\u00f3\u0142k\u0119 Comfort, kt\u00f3ra posiada bardzo dobre w\u0142a\u015bciwo\u015bci antyelektrostatyczne, przeciwpotne, higieniczne, wysokiej jako\u015bci w\u0142\u00f3knina poch\u0142ania pot zapewniaj\u0105c stopie uczucie sucho\u015bci. Absorbcja energii w cz\u0119\u015bci pi\u0119towej amortyzuje wstrz\u0105sy, wp\u0142ywa pozytywnie na d\u0142ugotrwa\u0142e lub nadmierne obci\u0105\u017cenie stopy w pozycji statycznej i dynamicznym ruchu. Dla lepszej ochrony palc\u00f3w obuwie zosta\u0142o wyposa\u017cone w podnosek metalowy chroni\u0105cy przed urazami o energii uderzenia do 200J lub naciskiem o sile 15kN. Komfort noszenia zapewnia r\u00f3wnie\u017c ko\u0142nierz i j\u0119zyk mi\u0119kko wyko\u0144czony piank\u0105 eliminuj\u0105c tym samym uczucie ucisku. <strong>Stabilna podeszwa z PU\/TPU<\/strong> &#8211; poliuretan termoplastyczny jest uplastycznion\u0105 form\u0105 poliuretanu, dzi\u0119ki czemu \u0142\u0105czy w sobie w\u0142a\u015bciwo\u015bci gumy i poliuretanu sprawiaj\u0105c, \u017ce obuwie nie rysuje powierzchni, ma doskona\u0142e w\u0142a\u015bciwo\u015bci przeciwpo\u015blizgowe, odporna na temperatur\u0119 w kr\u00f3tkotrwa\u0142ym kontakcie do 120\u00b0C oraz odporna na \u015bcieranie i przecinanie zachowuj\u0105c jednocze\u015bnie lekko\u015b\u0107 i elastyczno\u015b\u0107. Bie\u017cnik z poliuretanu termoplastycznego w po\u0142\u0105czeniu z mi\u0119dzy podeszw\u0105 z spienionego poliuretanu tworzy podeszw\u0119 \u0142\u0105cz\u0105c\u0105 w sobie trwa\u0142o\u015b\u0107, funkcjonalno\u015b\u0107 i komfort pracy. Urze\u017abienie czubka podeszwy dodatkowo zabezpiecza przed po\u015blizgiem przy pracach na pochy\u0142ych terenach. Bardzo designerskie sanda\u0142y w atrakcyjnej kolorystyce, mog\u0105 by\u0107 stosowane w przemy\u015ble ci\u0119\u017ckim i lekkim. Polecane dla budowla\u0144c\u00f3w, drogowc\u00f3w, brukarzy, magazynier\u00f3w, mechanik\u00f3w, produkcji przy ta\u015bmie, spedycji i prac w gospodarstwie domowym.<\/p>\n<p><strong>CECHY PRODUKTU<\/strong><\/p>\n<ul>\n<li><strong>Sanda\u0142y 52 \/ PPO<\/strong><\/li>\n<li>EN 20345 (\u015brodki ochrony indywidualnej &#8211; obuwie bezpieczne)<\/li>\n<li>S1 (obuwie bezpieczne z podnoskiem kompozytowym lub metalowym)<\/li>\n<li>SRC (odporno\u015b\u0107 na po\u015blizg na pod\u0142o\u017cu ceramicznym pokrytym roztworem laurylosiarczanu sodu (SLS) i na pod\u0142o\u017cu ze stali pokrytym glicerolem)<\/li>\n<li>Kolekcja PPO PU\/TPU series<\/li>\n<li>Kolor: czarno-br\u0105zowy<\/li>\n<li>Rozmiar: od 39 do 47<\/li>\n<li>Cholewka: sk\u00f3ra licowa bydl\u0119ca\/ sk\u00f3ra welurowa<\/li>\n<li>Podszewka: w\u0142\u00f3knina obuwnicza<\/li>\n<li>Wy\u015bci\u00f3\u0142ka: Comfort o wysokiej higroskopijno\u015bci<\/li>\n<li>Podeszwa: PU\/TPU<\/li>\n<li>Podnosek: metalowy<\/li>\n<li>Perforowana cholewka z du\u017cymi otworami wentylacyjnymi<\/li>\n<li>Podeszwa nie rysuje powierzchni<\/li>\n<li>Urze\u017abiony czubek podeszwy<\/li>\n<li>Podeszwa odporna na temperatur\u0119 w kr\u00f3tkotrwa\u0142ym kontakcie do 120\u00b0C<\/li>\n<li>Absorbcja energii w cz\u0119\u015bci pi\u0119towej<\/li>\n<li>Ko\u0142nierz i j\u0119zyk mi\u0119kko wyko\u0144czony piank\u0105<\/li>\n<li>W\u0142a\u015bciwo\u015bci antyelektrostatyczne<\/li>\n<li>Odporne na dzia\u0142anie olej\u00f3w i smar\u00f3w<\/li>\n<li>Dopasowanie za pomoc\u0105 sznur\u00f3wek<\/li>\n<li>M\u0119ska t\u0119go\u015b\u0107 obuwia<\/li>\n<\/ul>\n","protected":false},"excerpt":{"rendered":"<p><strong>Sanda\u0142y 52\/ PPO <\/strong>spe\u0142niaj\u0105 normy<strong> EN 20345 (\u015brodki ochrony indywidualnej &#8211; obuwie bezpieczne). Kolekcja PPO PU\/ TPU series. <\/strong>Bardzo wytrzyma\u0142e, antystatyczne, antypo\u015blizgowe sanda\u0142y robocze w kolorystyce czarno-br\u0105zowej, wyst\u0119puj\u0105 w rozmiarach od 39 do 47. <strong>Cholewka ze sk\u00f3ry licowej bydl\u0119cej i sk\u00f3ry welurowej <\/strong>z perforacj\u0105 w cz\u0119\u015bci przedniej i z du\u017cymi otworami wentylacyjnymi po bokach.<\/p>\n","protected":false},"featured_media":653,"template":"","meta":{"_et_pb_use_builder":"","_et_pb_old_content":"","_et_gb_content_width":""},"product_brand":[],"product_cat":[40,95],"product_tag":[],"class_list":{"0":"post-652","1":"product","2":"type-product","3":"status-publish","4":"has-post-thumbnail","6":"product_cat-ochrona-nog","7":"product_cat-sandaly","9":"first","10":"instock","11":"shipping-taxable","12":"purchasable","13":"product-type-simple"},"_links":{"self":[{"href":"https:\/\/ani-mex.com\/index.php?rest_route=\/wp\/v2\/product\/652","targetHints":{"allow":["GET"]}}],"collection":[{"href":"https:\/\/ani-mex.com\/index.php?rest_route=\/wp\/v2\/product"}],"about":[{"href":"https:\/\/ani-mex.com\/index.php?rest_route=\/wp\/v2\/types\/product"}],"wp:featuredmedia":[{"embeddable":true,"href":"https:\/\/ani-mex.com\/index.php?rest_route=\/wp\/v2\/media\/653"}],"wp:attachment":[{"href":"https:\/\/ani-mex.com\/index.php?rest_route=%2Fwp%2Fv2%2Fmedia&parent=652"}],"wp:term":[{"taxonomy":"product_brand","embeddable":true,"href":"https:\/\/ani-mex.com\/index.php?rest_route=%2Fwp%2Fv2%2Fproduct_brand&post=652"},{"taxonomy":"product_cat","embeddable":true,"href":"https:\/\/ani-mex.com\/index.php?rest_route=%2Fwp%2Fv2%2Fproduct_cat&post=652"},{"taxonomy":"product_tag","embeddable":true,"href":"https:\/\/ani-mex.com\/index.php?rest_route=%2Fwp%2Fv2%2Fproduct_tag&post=652"}],"curies":[{"name":"wp","href":"https:\/\/api.w.org\/{rel}","templated":true}]}}