{"id":781,"date":"2024-11-27T12:58:39","date_gmt":"2024-11-27T12:58:39","guid":{"rendered":"https:\/\/ani-mex.com\/?post_type=product&#038;p=781"},"modified":"2024-11-27T12:58:39","modified_gmt":"2024-11-27T12:58:39","slug":"torba-uniwersalna-hogert","status":"publish","type":"product","link":"https:\/\/ani-mex.com\/?product=torba-uniwersalna-hogert","title":{"rendered":"Torba uniwersalna Hogert"},"content":{"rendered":"<div id=\"opis-produktu\" class=\"wpb_row vc_row-fluid vc_row inner_row  vc_custom_1626868672803 right_padding_89px left_padding_89px top_padding_tablet_34px bottom_padding_tablet_0px right_padding_tablet_34px left_padding_tablet_34px\" data-midnight=\"\" data-column-margin=\"default\">\n<div class=\"row_col_wrap_12_inner col span_12  left\">\n<div class=\"vc_col-sm-8 wpb_column column_container vc_column_container col child_column no-extra-padding inherit_tablet inherit_phone \" data-padding-pos=\"all\" data-has-bg-color=\"false\" data-bg-color=\"\" data-bg-opacity=\"1\" data-animation=\"\" data-delay=\"0\">\n<div class=\"vc_column-inner\">\n<div class=\"wpb_wrapper\">\n<div class=\"wpb_text_column wpb_content_element \">\n<div class=\"wpb_wrapper\">\n<p>Torba narz\u0119dziowa wykonana z\u00a0wysokiej jako\u015bci poliestru typu 600D charakteryzuj\u0105cego si\u0119 wyj\u0105tkow\u0105 odporno\u015bci\u0105 na przetarcia i\u00a0potencjalne uszkodzenia. Nie tylko zapewnia lekko\u015b\u0107 i\u00a0elastyczno\u015b\u0107 konstrukcji, ale r\u00f3wnie\u017c skuteczn\u0105 ochron\u0119 przed trudnymi warunkami atmosferycznymi oraz wyzwaniami zwi\u0105zanymi z\u00a0ci\u0105g\u0142ym u\u017cytkowaniem w\u00a0\u015brodowisku pracy. Ca\u0142kowicie zoptymalizowana przestrze\u0144 przechowywania z\u00a029\u00a0specjalistycznymi kieszeniami umo\u017cliwiaj\u0105ca precyzyjne uporz\u0105dkowanie oraz b\u0142yskawiczny dost\u0119p do narz\u0119dzi. Ergonomiczny uk\u0142ad kieszeni zaprojektowany z\u00a0my\u015bl\u0105 o\u00a0specyfice pracy technicznej, gwarantuj\u0105c maksymalizacj\u0119 wykorzystania dost\u0119pnej przestrzeni.<\/p>\n<\/div>\n<\/div>\n<\/div>\n<\/div>\n<\/div>\n<div class=\"vc_col-sm-2 wpb_column column_container vc_column_container col child_column no-extra-padding inherit_tablet inherit_phone \" data-padding-pos=\"all\" data-has-bg-color=\"false\" data-bg-color=\"\" data-bg-opacity=\"1\" data-animation=\"\" data-delay=\"0\">\n<div class=\"vc_column-inner\">\n<div class=\"wpb_wrapper\"><\/div>\n<\/div>\n<\/div>\n<\/div>\n<\/div>\n<div id=\"charakterystyka\" class=\"wpb_row vc_row-fluid vc_row inner_row  vc_custom_1626868683321 right_padding_89px left_padding_89px bottom_padding_tablet_0px right_padding_tablet_34px left_padding_tablet_34px\" data-midnight=\"\" data-column-margin=\"default\">\n<div class=\"row-bg-wrap\">\n<div class=\"row-bg\"><\/div>\n<\/div>\n<div class=\"row_col_wrap_12_inner col span_12  left\">\n<div class=\"vc_col-sm-2 wpb_column column_container vc_column_container col child_column no-extra-padding inherit_tablet inherit_phone \" data-padding-pos=\"all\" data-has-bg-color=\"false\" data-bg-color=\"\" data-bg-opacity=\"1\" data-animation=\"\" data-delay=\"0\">\n<div class=\"vc_column-inner\">\n<div class=\"wpb_wrapper\"><\/div>\n<\/div>\n<\/div>\n<div class=\"vc_col-sm-8 wpb_column column_container vc_column_container col child_column no-extra-padding inherit_tablet inherit_phone \" data-padding-pos=\"all\" data-has-bg-color=\"false\" data-bg-color=\"\" data-bg-opacity=\"1\" data-animation=\"\" data-delay=\"0\">\n<div class=\"vc_column-inner\">\n<div class=\"wpb_wrapper\">\n<div class=\"divider-wrap\" data-alignment=\"default\">\n<div class=\"divider-border\" data-width=\"100%\" data-animate=\"\" data-animation-delay=\"\" data-color=\"default\"><\/div>\n<\/div>\n<div class=\"wpb_text_column wpb_content_element \">\n<div class=\"wpb_wrapper\">\n<h3>Charakterystyka<\/h3>\n<\/div>\n<\/div>\n<div class=\"nectar-fancy-ul animated-in\" data-list-icon=\"fa fa-check-circle\" data-animation=\"true\" data-animation-delay=\"0\" data-color=\"extra-color-1\" data-spacing=\"default\" data-alignment=\"left\">\n<ul>\n<li><i class=\"icon-default-style fa fa-check-circle extra-color-1\"><\/i> Materia\u0142: 600D poliester;<\/li>\n<li><i class=\"icon-default-style fa fa-check-circle extra-color-1\"><\/i> amortyzuj\u0105ca podk\u0142adka na pasku ramiennym;<\/li>\n<li><i class=\"icon-default-style fa fa-check-circle extra-color-1\"><\/i> dno wykonano z\u00a0materia\u0142u PE;<\/li>\n<li><i class=\"icon-default-style fa fa-check-circle extra-color-1\"><\/i> posiada zapi\u0119cie na miar\u0119 wewn\u0105trz torby;<\/li>\n<li><i class=\"icon-default-style fa fa-check-circle extra-color-1\"><\/i> miejsce na wizyt\u00f3wk\u0119 wewn\u0105trz torby;<\/li>\n<li><i class=\"icon-default-style fa fa-check-circle extra-color-1\"><\/i> 3\u00a0zasuwane komory:<\/li>\n<\/ul>\n<p>\u2013 komora z\u00a0zasuwan\u0105 kieszeni\u0105 z\u00a0siatki, miejscem na wizyt\u00f3wk\u0119, zapi\u0119ciem na miar\u0119 oraz 5\u00a0kieszeniami otwartymi<br \/>\n\u2013 komora z\u00a05\u00a0kieszeniami otwartymi oraz 11\u00a0funkcjonalnymi szlufkami<br \/>\n\u2013 komora z\u00a0kieszeni\u0105 zapinan\u0105 na rzep oraz 14\u00a0kieszeniami otwartymi w\u00a0tym jedn\u0105 z\u00a0siatki<\/p>\n<ul>\n<li><i class=\"icon-default-style fa fa-check-circle extra-color-1\"><\/i> Dodatkowo 2\u00a0kieszenie po bokach zapinane na rzep.<\/li>\n<\/ul>\n<\/div>\n<\/div>\n<\/div>\n<\/div>\n<\/div>\n<\/div>\n","protected":false},"excerpt":{"rendered":"<p>Torba narz\u0119dziowa wykonana z\u00a0wysokiej jako\u015bci poliestru typu 600D charakteryzuj\u0105cego si\u0119 wyj\u0105tkow\u0105 odporno\u015bci\u0105 na przetarcia i\u00a0potencjalne uszkodzenia.<\/p>\n","protected":false},"featured_media":782,"template":"","meta":{"_et_pb_use_builder":"","_et_pb_old_content":"","_et_gb_content_width":""},"product_brand":[],"product_cat":[48],"product_tag":[],"class_list":{"0":"post-781","1":"product","2":"type-product","3":"status-publish","4":"has-post-thumbnail","6":"product_cat-torby-i-worki","8":"first","9":"instock","10":"shipping-taxable","11":"purchasable","12":"product-type-simple"},"_links":{"self":[{"href":"https:\/\/ani-mex.com\/index.php?rest_route=\/wp\/v2\/product\/781","targetHints":{"allow":["GET"]}}],"collection":[{"href":"https:\/\/ani-mex.com\/index.php?rest_route=\/wp\/v2\/product"}],"about":[{"href":"https:\/\/ani-mex.com\/index.php?rest_route=\/wp\/v2\/types\/product"}],"wp:featuredmedia":[{"embeddable":true,"href":"https:\/\/ani-mex.com\/index.php?rest_route=\/wp\/v2\/media\/782"}],"wp:attachment":[{"href":"https:\/\/ani-mex.com\/index.php?rest_route=%2Fwp%2Fv2%2Fmedia&parent=781"}],"wp:term":[{"taxonomy":"product_brand","embeddable":true,"href":"https:\/\/ani-mex.com\/index.php?rest_route=%2Fwp%2Fv2%2Fproduct_brand&post=781"},{"taxonomy":"product_cat","embeddable":true,"href":"https:\/\/ani-mex.com\/index.php?rest_route=%2Fwp%2Fv2%2Fproduct_cat&post=781"},{"taxonomy":"product_tag","embeddable":true,"href":"https:\/\/ani-mex.com\/index.php?rest_route=%2Fwp%2Fv2%2Fproduct_tag&post=781"}],"curies":[{"name":"wp","href":"https:\/\/api.w.org\/{rel}","templated":true}]}}