{"id":804,"date":"2024-12-05T09:20:46","date_gmt":"2024-12-05T09:20:46","guid":{"rendered":"https:\/\/ani-mex.com\/?post_type=product&#038;p=804"},"modified":"2024-12-05T09:20:46","modified_gmt":"2024-12-05T09:20:46","slug":"rekawiczki-nitrylowe-mercator-nitrylex-basic-bezpudrowe-100-szt-op-niebieskie","status":"publish","type":"product","link":"https:\/\/ani-mex.com\/?product=rekawiczki-nitrylowe-mercator-nitrylex-basic-bezpudrowe-100-szt-op-niebieskie","title":{"rendered":"R\u0119kawiczki nitrylowe Mercator Nitrylex Basic bezpudrowe  (100 szt. op.), niebieskie"},"content":{"rendered":"","protected":false},"excerpt":{"rendered":"<p>R\u0119kawiczki wykonane z syntetycznego nitrylu doskonale przylegaj\u0105 do d\u0142oni. Komfortowo chroni\u0105 zegarek przed zabrudzeniem i s\u0105 wygodne do zapi\u0119cia mankietem szlafroka. R\u0119kawiczka jest dobrze dopasowana, a ko\u0144c\u00f3wki palc\u00f3w s\u0105 g\u0142adkie, co zapewnia wysok\u0105 czu\u0142o\u015b\u0107 palc\u00f3w. Przyjemny niebieski kolor tworzy pozytywny nastr\u00f3j podczas pracy.<\/p>\n","protected":false},"featured_media":806,"template":"","meta":{"_et_pb_use_builder":"","_et_pb_old_content":"","_et_gb_content_width":""},"product_brand":[],"product_cat":[43,71],"product_tag":[],"class_list":{"0":"post-804","1":"product","2":"type-product","3":"status-publish","4":"has-post-thumbnail","6":"product_cat-ochrona-rak","7":"product_cat-rekawice-jednorazowe","9":"first","10":"instock","11":"shipping-taxable","12":"purchasable","13":"product-type-simple"},"_links":{"self":[{"href":"https:\/\/ani-mex.com\/index.php?rest_route=\/wp\/v2\/product\/804","targetHints":{"allow":["GET"]}}],"collection":[{"href":"https:\/\/ani-mex.com\/index.php?rest_route=\/wp\/v2\/product"}],"about":[{"href":"https:\/\/ani-mex.com\/index.php?rest_route=\/wp\/v2\/types\/product"}],"wp:featuredmedia":[{"embeddable":true,"href":"https:\/\/ani-mex.com\/index.php?rest_route=\/wp\/v2\/media\/806"}],"wp:attachment":[{"href":"https:\/\/ani-mex.com\/index.php?rest_route=%2Fwp%2Fv2%2Fmedia&parent=804"}],"wp:term":[{"taxonomy":"product_brand","embeddable":true,"href":"https:\/\/ani-mex.com\/index.php?rest_route=%2Fwp%2Fv2%2Fproduct_brand&post=804"},{"taxonomy":"product_cat","embeddable":true,"href":"https:\/\/ani-mex.com\/index.php?rest_route=%2Fwp%2Fv2%2Fproduct_cat&post=804"},{"taxonomy":"product_tag","embeddable":true,"href":"https:\/\/ani-mex.com\/index.php?rest_route=%2Fwp%2Fv2%2Fproduct_tag&post=804"}],"curies":[{"name":"wp","href":"https:\/\/api.w.org\/{rel}","templated":true}]}}