{"id":815,"date":"2024-12-05T10:15:00","date_gmt":"2024-12-05T10:15:00","guid":{"rendered":"https:\/\/ani-mex.com\/?post_type=product&#038;p=815"},"modified":"2024-12-05T10:15:00","modified_gmt":"2024-12-05T10:15:00","slug":"rekawice-amet-antywibracyjne-10","status":"publish","type":"product","link":"https:\/\/ani-mex.com\/?product=rekawice-amet-antywibracyjne-10","title":{"rendered":"R\u0119kawice AMET antywibracyjne &#8211; 10"},"content":{"rendered":"<div id=\"nav-section__product-description\" class=\"tab-pane fade show active\" role=\"tabpanel\">\n<div class=\"productDescription\">\n<p><strong>R\u0119kawice\u00a0 antywibracyjne AMET\/ CXS\u00a0<\/strong>spe\u0142niaj\u0105 normy\u00a0<strong>EN 388\u00a0<\/strong>(r\u0119kawice chroni\u0105ce przed zagro\u017ceniami mechanicznymi),\u00a0<strong>EN 420\u00a0<\/strong>(r\u0119kawice ochronne &#8211; wymagania og\u00f3lne i metody bada\u0144),\u00a0<strong>EN ISO 10819\u00a0<\/strong>(drgania i wstrz\u0105sy mechaniczne &#8211; drgania oddzia\u0142uj\u0105ce na organizm cz\u0142owieka przez ko\u0144czyny g\u00f3rne &#8211; pomiar i ocena wsp\u00f3\u0142czynnika przenoszenia drga\u0144 przez r\u0119kawice na d\u0142o\u0144 operatora).\u00a0<strong>CAT II.\u00a0<\/strong>Rewelacyjne r\u0119kawice antywibracyjne do zada\u0144 specjalnych.\u00a0Ka\u017cde stanowisko pracy wymaga innych \u015brodk\u00f3w ochrony osobistej. R\u0119kawice antywibracyjne maj\u0105 za zadanie nie\u00a0przekazywanie drga\u0144 z r\u0119koje\u015bci na d\u0142o\u0144 operatora,\u00a0jednocze\u015bnie je redukuj\u0105c. R\u0119kawice zapobiegaj\u0105 chorobie zwanej ,, zespo\u0142em wibracyjnym&#8221;, chroni\u0105 organizm przed wibracjami.\u00a0Rozmiar: 10.\u00a0D\u0142ugo\u015b\u0107 r\u0119kawic\u00a026 cm.\u00a0<strong>Materia\u0142: 95% nylon 5% bawe\u0142na. R\u0119kawice\u00a0na cz\u0119\u015bci \u00a0d\u0142oni i cz\u0119\u015bci d\u0142oniowej palc\u00f3w\u00a0posiadaj\u0105\u00a0podk\u0142adki wykonane z\u00a0antywibracyjnej\u00a0pianki lateksowej.<\/strong>\u00a0Elastyczny mankiet zapobiega zsuwaniu si\u0119 r\u0119kawic podczas pracy.<strong>\u00a0<\/strong>Wygodne w u\u017cytkowaniu, gwarantuj\u0105 zr\u0119czne pos\u0142ugiwanie si\u0119 narz\u0119dziami nie kr\u0119puj\u0105 ruchu d\u0142oni.\u00a0Zalecane u\u017cycie:\u00a0\u00a0praca z narz\u0119dziem wibracyjnym, utrzymanie zieleni, praca z pi\u0142\u0105 \u0142a\u0144cuchow\u0105, wiert\u0142a do nawierzchni drogowych, rylec wibracyjny, szlifierki r\u0119czne.<\/p>\n<p><strong>CECHY PRODUKTU<\/strong><\/p>\n<ul>\n<li><strong>R\u0119kawice\u00a0 antywibracyjne AMET\/ CXS<\/strong><\/li>\n<li><strong>EN 388\u00a0<\/strong>(r\u0119kawice chroni\u0105ce przed zagro\u017ceniami mechanicznymi)<\/li>\n<li><strong>EN 420\u00a0<\/strong>(r\u0119kawice ochronne &#8211; wymagania og\u00f3lne i metody bada\u0144)<\/li>\n<li><strong>EN ISO 10819\u00a0<\/strong>(drgania i wstrz\u0105sy mechaniczne &#8211; drgania oddzia\u0142uj\u0105ce na organizm cz\u0142owieka przez ko\u0144czyny g\u00f3rne &#8211; pomiar i ocena wsp\u00f3\u0142czynnika przenoszenia drga\u0144 przez r\u0119kawice na d\u0142o\u0144 operatora)<\/li>\n<li><strong>CAT II<\/strong><\/li>\n<li>Rozmiar: 10<\/li>\n<li>D\u0142ugo\u015b\u0107:\u00a026 cm<\/li>\n<li>Opakowanie z blistrem<\/li>\n<li>Materia\u0142:\u00a095% nylon 5% bawe\u0142na<\/li>\n<li>Cz\u0119\u015b\u0107 chwytna: piankowy lateks<\/li>\n<li>Elastyczny mankiet<\/li>\n<li>Zalecane zastosowanie: praca z narz\u0119dziem wibracyjnym, utrzymanie zieleni, praca z pi\u0142\u0105 \u0142a\u0144cuchow\u0105, wiert\u0142a do nawierzchni drogowych, rylec wibracyjny, szlifierki r\u0119czne<\/li>\n<\/ul>\n<\/div>\n<\/div>\n","protected":false},"excerpt":{"rendered":"<p>R\u0119kawice dziane z poduszkami antywybracyjnymi z lateksu piankowego w d\u0142oni, elastyczny mankiet. Zalecane zastosowanie: praca z wibracyjnym narz\u0119dziem, utrzymanie zieleni, praca z pila \u0142a\u0144cuchow\u0105, wiert\u0142a do nawierzchni drogowych, rylec wibracyjny, szlifie&#8230;<\/p>\n","protected":false},"featured_media":816,"template":"","meta":{"_et_pb_use_builder":"","_et_pb_old_content":"","_et_gb_content_width":""},"product_brand":[],"product_cat":[43,61],"product_tag":[],"class_list":{"0":"post-815","1":"product","2":"type-product","3":"status-publish","4":"has-post-thumbnail","6":"product_cat-ochrona-rak","7":"product_cat-rekawice-antywibracyjne","9":"first","10":"instock","11":"shipping-taxable","12":"product-type-simple"},"_links":{"self":[{"href":"https:\/\/ani-mex.com\/index.php?rest_route=\/wp\/v2\/product\/815","targetHints":{"allow":["GET"]}}],"collection":[{"href":"https:\/\/ani-mex.com\/index.php?rest_route=\/wp\/v2\/product"}],"about":[{"href":"https:\/\/ani-mex.com\/index.php?rest_route=\/wp\/v2\/types\/product"}],"wp:featuredmedia":[{"embeddable":true,"href":"https:\/\/ani-mex.com\/index.php?rest_route=\/wp\/v2\/media\/816"}],"wp:attachment":[{"href":"https:\/\/ani-mex.com\/index.php?rest_route=%2Fwp%2Fv2%2Fmedia&parent=815"}],"wp:term":[{"taxonomy":"product_brand","embeddable":true,"href":"https:\/\/ani-mex.com\/index.php?rest_route=%2Fwp%2Fv2%2Fproduct_brand&post=815"},{"taxonomy":"product_cat","embeddable":true,"href":"https:\/\/ani-mex.com\/index.php?rest_route=%2Fwp%2Fv2%2Fproduct_cat&post=815"},{"taxonomy":"product_tag","embeddable":true,"href":"https:\/\/ani-mex.com\/index.php?rest_route=%2Fwp%2Fv2%2Fproduct_tag&post=815"}],"curies":[{"name":"wp","href":"https:\/\/api.w.org\/{rel}","templated":true}]}}