{"id":832,"date":"2024-12-05T10:38:21","date_gmt":"2024-12-05T10:38:21","guid":{"rendered":"https:\/\/ani-mex.com\/?post_type=product&#038;p=832"},"modified":"2024-12-05T10:38:21","modified_gmt":"2024-12-05T10:38:21","slug":"rekawice-cxs-cita-antyprzecieciowe-szary-2","status":"publish","type":"product","link":"https:\/\/ani-mex.com\/?product=rekawice-cxs-cita-antyprzecieciowe-szary-2","title":{"rendered":"R\u0119kawice CXS CITA antyprzeci\u0119ciowe szary"},"content":{"rendered":"<p><strong>Bezszwowe r\u0119kawice antyprzeci\u0119ciowe, CANIS, <\/strong>spe\u0142niaj\u0105 normy<strong> EN 420\/ EN 388<\/strong>.<strong> CAT. II, odporno\u015b\u0107 na przeci\u0119cie 3<\/strong>. Po\u0142\u0105czenie <strong>400D UHMWPE, 140D nylonu, elastanu (100D spandex) i poliestru<\/strong>, powlekane od wewn\u0119trznej strony i w cz\u0119\u015bci chwytnej i na palcach warstw\u0105 <strong>poliuretanu<\/strong>. Fason pi\u0119ciopalcowy. Stabilny uchwyt, doskona\u0142e dopasowanie do d\u0142oni, bezszwowa technologia, standardowy \u015bci\u0105gacz. Stosowane do prac w wilgotnym \u015brodowisku, komfortowe i wygodne w pracach manualnych, przy monta\u017cu czy serwisie, cechy antyprzeci\u0119ciowe pozwalaj\u0105 na u\u017cytkowanie w przemy\u015ble motoryzacyjnym, logistyce, magazynowaniu oraz przy obr\u00f3bce szk\u0142a i metalu. Chroni\u0105 r\u0119ce przed urazami, idealne do pracy z ostrymi narz\u0119dziami.<\/p>\n<p><strong>CECHY PRODUKTU<\/strong><\/p>\n<ul>\n<li><strong>R\u0119kawice antyprzeci\u0119ciowe, EN 420\/ EN 388. CAT. II<\/strong><\/li>\n<li>Mocne i wytrzyma\u0142e r\u0119kawice<\/li>\n<li>Plecione bezszwowe, powlekana d\u0142o\u0144 i palce, elastyczny mankiet<\/li>\n<li>Odporne na przeci\u0119cie, przek\u0142ucie, rozdarcie, mechaniczne \u015bcieranie<\/li>\n<li>Przeznaczona do pracy z urz\u0105dzeniami wyposa\u017conymi w ostre elementy<\/li>\n<\/ul>\n","protected":false},"excerpt":{"rendered":"<p><strong>Bezszwowe r\u0119kawice antyprzeci\u0119ciowe, CANIS, <\/strong>spe\u0142niaj\u0105 normy<strong> EN 420\/ EN 388<\/strong>.<strong> CAT. II, odporno\u015b\u0107 na przeci\u0119cie 3<\/strong>. Po\u0142\u0105czenie <strong>400D UHMWPE, 140D nylonu, elastanu (100D spandex) i poliestru<\/strong>, powlekane od wewn\u0119trznej strony i w cz\u0119\u015bci chwytnej i na palcach warstw\u0105 <strong>poliuretanu<\/strong>. Fason pi\u0119ciopalcowy. Stabilny uchwyt, doskona\u0142e dopasowanie do d\u0142oni, bezszwowa technologia, standardowy \u015bci\u0105gacz. Stosowane do prac w wilgotnym \u015brodowisku, komfortowe i wygodne w pracach manualnych, przy monta\u017cu czy serwisie, cechy antyprzeci\u0119ciowe pozwalaj\u0105 na u\u017cytkowanie w przemy\u015ble motoryzacyjnym, logistyce, magazynowaniu oraz przy obr\u00f3bce szk\u0142a i metalu. Chroni\u0105 r\u0119ce przed urazami, idealne do pracy z ostrymi narz\u0119dziami.<\/p>\n<p><strong>CECHY PRODUKTU<\/strong><\/p>\n<ul>\n<li><strong>R\u0119kawice antyprzeci\u0119ciowe, EN 420\/ EN 388. CAT. II<\/strong><\/li>\n<li>Mocne i wytrzyma\u0142e r\u0119kawice<\/li>\n<li>Plecione bezszwowe, powlekana d\u0142o\u0144 i palce, elastyczny mankiet<\/li>\n<li>Odporne na przeci\u0119cie, przek\u0142ucie, rozdarcie, mechaniczne \u015bcieranie<\/li>\n<li>Przeznaczona do pracy z urz\u0105dzeniami wyposa\u017conymi w ostre elementy<\/li>\n<\/ul>\n","protected":false},"featured_media":833,"template":"","meta":{"_et_pb_use_builder":"","_et_pb_old_content":"","_et_gb_content_width":""},"product_brand":[],"product_cat":[43,62],"product_tag":[],"class_list":{"0":"post-832","1":"product","2":"type-product","3":"status-publish","4":"has-post-thumbnail","6":"product_cat-ochrona-rak","7":"product_cat-rekawice-antyprzepieciowe","9":"first","10":"instock","11":"shipping-taxable","12":"product-type-simple"},"_links":{"self":[{"href":"https:\/\/ani-mex.com\/index.php?rest_route=\/wp\/v2\/product\/832","targetHints":{"allow":["GET"]}}],"collection":[{"href":"https:\/\/ani-mex.com\/index.php?rest_route=\/wp\/v2\/product"}],"about":[{"href":"https:\/\/ani-mex.com\/index.php?rest_route=\/wp\/v2\/types\/product"}],"wp:featuredmedia":[{"embeddable":true,"href":"https:\/\/ani-mex.com\/index.php?rest_route=\/wp\/v2\/media\/833"}],"wp:attachment":[{"href":"https:\/\/ani-mex.com\/index.php?rest_route=%2Fwp%2Fv2%2Fmedia&parent=832"}],"wp:term":[{"taxonomy":"product_brand","embeddable":true,"href":"https:\/\/ani-mex.com\/index.php?rest_route=%2Fwp%2Fv2%2Fproduct_brand&post=832"},{"taxonomy":"product_cat","embeddable":true,"href":"https:\/\/ani-mex.com\/index.php?rest_route=%2Fwp%2Fv2%2Fproduct_cat&post=832"},{"taxonomy":"product_tag","embeddable":true,"href":"https:\/\/ani-mex.com\/index.php?rest_route=%2Fwp%2Fv2%2Fproduct_tag&post=832"}],"curies":[{"name":"wp","href":"https:\/\/api.w.org\/{rel}","templated":true}]}}