{"id":872,"date":"2025-01-16T10:29:24","date_gmt":"2025-01-16T10:29:24","guid":{"rendered":"https:\/\/ani-mex.com\/?post_type=product&#038;p=872"},"modified":"2025-01-16T10:29:24","modified_gmt":"2025-01-16T10:29:24","slug":"hasso-spodnie-ochronne-ciemnoszare","status":"publish","type":"product","link":"https:\/\/ani-mex.com\/?product=hasso-spodnie-ochronne-ciemnoszare","title":{"rendered":"HASSO spodnie ochronne ciemnoszare"},"content":{"rendered":"<ul>\n<li>elastyczny materia\u0142 zapewniaj\u0105cy swobod\u0119 ruchu;<\/li>\n<li><i class=\"icon-default-style fa fa-check-circle extra-color-1\"><\/i> materia\u0142: 60%\u00a0poliester, 38%\u00a0bawe\u0142na, 2%\u00a0elastan;<\/li>\n<li><i class=\"icon-default-style fa fa-check-circle extra-color-1\"><\/i> gramatura materia\u0142u: 255\u00a0g\/m\u00b2;<\/li>\n<li><i class=\"icon-default-style fa fa-check-circle extra-color-1\"><\/i> wykonane zgodnie z\u00a0norm\u0105 EN ISO 13688:2013;<\/li>\n<li><i class=\"icon-default-style fa fa-check-circle extra-color-1\"><\/i> odpinane kieszenie na narz\u0119dzia wzmocnione materia\u0142em 300D OXFORD;<\/li>\n<li><i class=\"icon-default-style fa fa-check-circle extra-color-1\"><\/i> pasek elastyczny;<\/li>\n<li><i class=\"icon-default-style fa fa-check-circle extra-color-1\"><\/i> kieszenie na nakolanniki wzmocnione materia\u0142em 300D OXFORD;<\/li>\n<li><i class=\"icon-default-style fa fa-check-circle extra-color-1\"><\/i> panel w\u00a0kroku;<\/li>\n<li><i class=\"icon-default-style fa fa-check-circle extra-color-1\"><\/i> 2x kiesze\u0144 ty\u0142 \u2013 2x zapinana na rzep;<\/li>\n<li><i class=\"icon-default-style fa fa-check-circle extra-color-1\"><\/i> 1x kiesze\u0144 boczna zapinana na zamek;<\/li>\n<li><i class=\"icon-default-style fa fa-check-circle extra-color-1\"><\/i> 1x kiesze\u0144 na miark\u0119 z\u00a0tkaniny OXFORD;<\/li>\n<li><i class=\"icon-default-style fa fa-check-circle extra-color-1\"><\/i> dodatkowe szlufki do zaczepienia narz\u0119dzi;<\/li>\n<li><i class=\"icon-default-style fa fa-check-circle extra-color-1\"><\/i> potr\u00f3jne szwy;<\/li>\n<li><i class=\"icon-default-style fa fa-check-circle extra-color-1\"><\/i> wyd\u0142u\u017cenie nogawki;<\/li>\n<li><i class=\"icon-default-style fa fa-check-circle extra-color-1\"><\/i> elementy odblaskowe prz\u00f3d i\u00a0ty\u0142 spodni.<\/li>\n<\/ul>\n","protected":false},"excerpt":{"rendered":"<div id=\"opis-produktu\" class=\"wpb_row vc_row-fluid vc_row inner_row  vc_custom_1626868672803 right_padding_89px left_padding_89px top_padding_tablet_34px bottom_padding_tablet_0px right_padding_tablet_34px left_padding_tablet_34px\" data-midnight=\"\" data-column-margin=\"default\">\n<div class=\"row_col_wrap_12_inner col span_12  left\">\n<div class=\"vc_col-sm-8 wpb_column column_container vc_column_container col child_column no-extra-padding inherit_tablet inherit_phone \" data-padding-pos=\"all\" data-has-bg-color=\"false\" data-bg-color=\"\" data-bg-opacity=\"1\" data-animation=\"\" data-delay=\"0\">\n<div class=\"vc_column-inner\">\n<div class=\"wpb_wrapper\">\n<div class=\"wpb_text_column wpb_content_element \">\n<div class=\"wpb_wrapper\">\n<p>Profesjonalne m\u0119skie spodnie ochronne HASSO \u0142\u0105cz\u0105 wysok\u0105 jako\u015b\u0107 materia\u0142\u00f3w z\u00a0funkcjonalno\u015bci\u0105 i\u00a0bezpiecze\u0144stwem. Zwi\u0119kszona elastyczno\u015b\u0107 spodni sprawia, \u017ce sprawdz\u0105 si\u0119 one podczas wykonywania r\u00f3\u017cnorodnych prac, nie ograniczaj\u0105c przy tym ruch\u00f3w u\u017cytkownikowi. Dodatkowo zastosowane detale odblaskowe zapewniaj\u0105 bezpiecze\u0144stwo pracy po zmroku. Wzmocnienia z\u00a0tkaniny OXFORD oraz odpinane kieszenie na narz\u0119dzia sprawiaj\u0105, \u017ce spodnie s\u0105 nie tylko wygodne, ale i\u00a0praktyczne. Idealne dla profesjonalist\u00f3w specjalizuj\u0105cych si\u0119 w\u00a0dziedzinie produkcji, budownictwa, transportu i\u00a0mechaniki samochodowej.<\/p>\n<\/div>\n<\/div>\n<\/div>\n<\/div>\n<\/div>\n<div class=\"vc_col-sm-2 wpb_column column_container vc_column_container col child_column no-extra-padding inherit_tablet inherit_phone \" data-padding-pos=\"all\" data-has-bg-color=\"false\" data-bg-color=\"\" data-bg-opacity=\"1\" data-animation=\"\" data-delay=\"0\">\n<div class=\"vc_column-inner\">\n<div class=\"wpb_wrapper\"><\/div>\n<\/div>\n<\/div>\n<\/div>\n<\/div>\n<div id=\"charakterystyka\" class=\"wpb_row vc_row-fluid vc_row inner_row  vc_custom_1626868683321 right_padding_89px left_padding_89px bottom_padding_tablet_0px right_padding_tablet_34px left_padding_tablet_34px\" data-midnight=\"\" data-column-margin=\"default\">\n<div class=\"row-bg-wrap\">\n<div class=\"row-bg\"><\/div>\n<\/div>\n<div class=\"row_col_wrap_12_inner col span_12  left\">\n<div class=\"vc_col-sm-2 wpb_column column_container vc_column_container col child_column no-extra-padding inherit_tablet inherit_phone \" data-padding-pos=\"all\" data-has-bg-color=\"false\" data-bg-color=\"\" data-bg-opacity=\"1\" data-animation=\"\" data-delay=\"0\">\n<div class=\"vc_column-inner\">\n<div class=\"wpb_wrapper\"><\/div>\n<\/div>\n<\/div>\n<div class=\"vc_col-sm-8 wpb_column column_container vc_column_container col child_column no-extra-padding inherit_tablet inherit_phone \" data-padding-pos=\"all\" data-has-bg-color=\"false\" data-bg-color=\"\" data-bg-opacity=\"1\" data-animation=\"\" data-delay=\"0\">\n<div class=\"vc_column-inner\">\n<div class=\"wpb_wrapper\">\n<div class=\"divider-wrap\" data-alignment=\"default\">\n<div class=\"divider-border\" data-width=\"100%\" data-animate=\"\" data-animation-delay=\"\" data-color=\"default\"><\/div>\n<\/div>\n<\/div>\n<\/div>\n<\/div>\n<\/div>\n<\/div>\n","protected":false},"featured_media":873,"template":"","meta":{"_et_pb_use_builder":"","_et_pb_old_content":"","_et_gb_content_width":""},"product_brand":[],"product_cat":[37,89],"product_tag":[],"class_list":{"0":"post-872","1":"product","2":"type-product","3":"status-publish","4":"has-post-thumbnail","6":"product_cat-ochrona-ciala","7":"product_cat-spodnie-do-pasa","9":"first","10":"instock","11":"shipping-taxable","12":"purchasable","13":"product-type-simple"},"_links":{"self":[{"href":"https:\/\/ani-mex.com\/index.php?rest_route=\/wp\/v2\/product\/872","targetHints":{"allow":["GET"]}}],"collection":[{"href":"https:\/\/ani-mex.com\/index.php?rest_route=\/wp\/v2\/product"}],"about":[{"href":"https:\/\/ani-mex.com\/index.php?rest_route=\/wp\/v2\/types\/product"}],"wp:featuredmedia":[{"embeddable":true,"href":"https:\/\/ani-mex.com\/index.php?rest_route=\/wp\/v2\/media\/873"}],"wp:attachment":[{"href":"https:\/\/ani-mex.com\/index.php?rest_route=%2Fwp%2Fv2%2Fmedia&parent=872"}],"wp:term":[{"taxonomy":"product_brand","embeddable":true,"href":"https:\/\/ani-mex.com\/index.php?rest_route=%2Fwp%2Fv2%2Fproduct_brand&post=872"},{"taxonomy":"product_cat","embeddable":true,"href":"https:\/\/ani-mex.com\/index.php?rest_route=%2Fwp%2Fv2%2Fproduct_cat&post=872"},{"taxonomy":"product_tag","embeddable":true,"href":"https:\/\/ani-mex.com\/index.php?rest_route=%2Fwp%2Fv2%2Fproduct_tag&post=872"}],"curies":[{"name":"wp","href":"https:\/\/api.w.org\/{rel}","templated":true}]}}