{"id":962,"date":"2025-01-29T08:42:55","date_gmt":"2025-01-29T08:42:55","guid":{"rendered":"https:\/\/ani-mex.com\/?post_type=product&#038;p=962"},"modified":"2025-01-29T08:43:30","modified_gmt":"2025-01-29T08:43:30","slug":"polmaska-3m-6000-wielokrotnego-uzytku","status":"publish","type":"product","link":"https:\/\/ani-mex.com\/?product=polmaska-3m-6000-wielokrotnego-uzytku","title":{"rendered":"P\u00d3\u0141MASKA 3M 6000 WIELOKROTNEGO U\u017bYTKU"},"content":{"rendered":"<p><strong>P\u00f3\u0142maska 3M 6000\u00a0przeznaczona do wielorazowego u\u017cytku. Model ten zapewnia ochron\u0119 dr\u00f3g oddechowych przed szkodliwymi substancjami takimi jak py\u0142, gaz oraz dym. P\u00f3\u0142maska mo\u017ce by\u0107 u\u017cywana razem z innymi \u015brodkami ochrony wzroku oraz s\u0142uchu.<\/strong><\/p>\n<h2>Cechy produktu:<\/h2>\n<ul>\n<li>waga\u00a0ok. 85 g,<\/li>\n<li>lekka i \u0142atwa w obs\u0142udze,<\/li>\n<li>wykonana z\u00a0materia\u0142u elastomerowego,<\/li>\n<li>p\u00f3\u0142maska o niskim profilu,<\/li>\n<li>mocowanie nag\u0142owne,<\/li>\n<li>nie wymaga konserwacji,<\/li>\n<li>wykonana z nieuczulaj\u0105cego materia\u0142u,<\/li>\n<li>wyposa\u017cona w podw\u00f3jny filtr,<\/li>\n<li>\u0142atwa w czyszczeniu i konserwacji,<\/li>\n<li>system z\u0142\u0105cza bagnetowego,<\/li>\n<li>rozmiary: 6100 &#8211; ma\u0142y, 6200 &#8211; \u015bredni, 6300 &#8211; du\u017cy,<\/li>\n<li>spe\u0142nia wymagania normy\u00a0EN140.<\/li>\n<\/ul>\n<p>P\u00f3\u0142maska serii 6000 zosta\u0142a zaprojektowana do ochrony uk\u0142adu oddechowego przed szkodliwymi substancjami, toksycznymi py\u0142ami, gazami i dymami wyst\u0119puj\u0105cymi w \u015brodowisku pracy. Stworzona z nowoczesnego, lekkiego materia\u0142u elastomerowego. Produkt wielokrotnego u\u017cytku, \u0142atwy w czyszczeniu i konserwacji. Wymienne elementy oczyszczaj\u0105ce: poch\u0142aniacze (serii 6000) i filtry (serii 2000 i 5000). P\u00f3\u0142maska 6000 wyposa\u017cona jest w system z\u0142\u0105cza bagnetowego i podw\u00f3jny filtr, zapewnia niskie opory oddychania. Produkt doskonale wywa\u017cony, stabilny, nie ogranicza pola widzenia, zapewnia komfort i bezpiecze\u0144stwo. Opcjonalne pod\u0142\u0105czenie powietrza spr\u0119\u017conego. Kompatybilna ze \u015brodkami wzroku i s\u0142uchu.<\/p>\n","protected":false},"excerpt":{"rendered":"<p><strong>P\u00f3\u0142maska 3M 6000\u00a0przeznaczona do wielorazowego u\u017cytku. Model ten zapewnia ochron\u0119 dr\u00f3g oddechowych przed szkodliwymi substancjami takimi jak py\u0142, gaz oraz dym. P\u00f3\u0142maska mo\u017ce by\u0107 u\u017cywana razem z innymi \u015brodkami ochrony wzroku oraz s\u0142uchu.<\/strong><\/p>\n<h2>Cechy produktu:<\/h2>\n<ul>\n<li>waga\u00a0ok. 85 g,<\/li>\n<li>lekka i \u0142atwa w obs\u0142udze,<\/li>\n<li>wykonana z\u00a0materia\u0142u elastomerowego,<\/li>\n<li>p\u00f3\u0142maska o niskim profilu,<\/li>\n<li>mocowanie nag\u0142owne,<\/li>\n<li>nie wymaga konserwacji,<\/li>\n<li>wykonana z nieuczulaj\u0105cego materia\u0142u,<\/li>\n<li>wyposa\u017cona w podw\u00f3jny filtr,<\/li>\n<li>\u0142atwa w czyszczeniu i konserwacji,<\/li>\n<li>system z\u0142\u0105cza bagnetowego,<\/li>\n<li>rozmiary: 6100 &#8211; ma\u0142y, 6200 &#8211; \u015bredni, 6300 &#8211; du\u017cy,<\/li>\n<li>spe\u0142nia wymagania normy\u00a0EN140.<\/li>\n<\/ul>\n<p>P\u00f3\u0142maska serii 6000 zosta\u0142a zaprojektowana do ochrony uk\u0142adu oddechowego przed szkodliwymi substancjami, toksycznymi py\u0142ami, gazami i dymami wyst\u0119puj\u0105cymi w \u015brodowisku pracy. Stworzona z nowoczesnego, lekkiego materia\u0142u elastomerowego. Produkt wielokrotnego u\u017cytku, \u0142atwy w czyszczeniu i konserwacji. Wymienne elementy oczyszczaj\u0105ce: poch\u0142aniacze (serii 6000) i filtry (serii 2000 i 5000). P\u00f3\u0142maska 6000 wyposa\u017cona jest w system z\u0142\u0105cza bagnetowego i podw\u00f3jny filtr, zapewnia niskie opory oddychania. Produkt doskonale wywa\u017cony, stabilny, nie ogranicza pola widzenia, zapewnia komfort i bezpiecze\u0144stwo. Opcjonalne pod\u0142\u0105czenie powietrza spr\u0119\u017conego. Kompatybilna ze \u015brodkami wzroku i s\u0142uchu.<\/p>\n","protected":false},"featured_media":963,"template":"","meta":{"_et_pb_use_builder":"","_et_pb_old_content":"","_et_gb_content_width":""},"product_brand":[],"product_cat":[38],"product_tag":[],"class_list":{"0":"post-962","1":"product","2":"type-product","3":"status-publish","4":"has-post-thumbnail","6":"product_cat-ochrona-drog-oddechowych","8":"first","9":"instock","10":"shipping-taxable","11":"purchasable","12":"product-type-simple"},"_links":{"self":[{"href":"https:\/\/ani-mex.com\/index.php?rest_route=\/wp\/v2\/product\/962","targetHints":{"allow":["GET"]}}],"collection":[{"href":"https:\/\/ani-mex.com\/index.php?rest_route=\/wp\/v2\/product"}],"about":[{"href":"https:\/\/ani-mex.com\/index.php?rest_route=\/wp\/v2\/types\/product"}],"wp:featuredmedia":[{"embeddable":true,"href":"https:\/\/ani-mex.com\/index.php?rest_route=\/wp\/v2\/media\/963"}],"wp:attachment":[{"href":"https:\/\/ani-mex.com\/index.php?rest_route=%2Fwp%2Fv2%2Fmedia&parent=962"}],"wp:term":[{"taxonomy":"product_brand","embeddable":true,"href":"https:\/\/ani-mex.com\/index.php?rest_route=%2Fwp%2Fv2%2Fproduct_brand&post=962"},{"taxonomy":"product_cat","embeddable":true,"href":"https:\/\/ani-mex.com\/index.php?rest_route=%2Fwp%2Fv2%2Fproduct_cat&post=962"},{"taxonomy":"product_tag","embeddable":true,"href":"https:\/\/ani-mex.com\/index.php?rest_route=%2Fwp%2Fv2%2Fproduct_tag&post=962"}],"curies":[{"name":"wp","href":"https:\/\/api.w.org\/{rel}","templated":true}]}}