{"id":993,"date":"2025-01-29T10:11:49","date_gmt":"2025-01-29T10:11:49","guid":{"rendered":"https:\/\/ani-mex.com\/?post_type=product&#038;p=993"},"modified":"2025-01-29T10:11:49","modified_gmt":"2025-01-29T10:11:49","slug":"rekawice-robocze-ocieplane-pp-w700","status":"publish","type":"product","link":"https:\/\/ani-mex.com\/?product=rekawice-robocze-ocieplane-pp-w700","title":{"rendered":"R\u0118KAWICE ROBOCZE OCIEPLANE PP-W700"},"content":{"rendered":"<h1>R\u0119kawice robocze, ochronne, niebieskie poliestrowe grube, akrylowane, oblewane podw\u00f3jnym czarnym spienionym lateksem w \u00be , zako\u0144czone \u015bci\u0105gaczem.<\/h1>\n<p><strong>Nazwa upowa\u017cnionego przedstawiciela :<\/strong> Prus-Pol<\/p>\n<p><strong>Kategoria :<\/strong> II<\/p>\n<p><strong>Rozmiary :<\/strong>\u00a09, 10, 11<\/p>\n<p><strong>Przechowywanie, u\u017cywanie, czyszczenie, konserwacja i dezynfekcja :<\/strong> R\u0119kawice nale\u017cy przechowywa\u0107 w pomieszczeniach suchych, ch\u0142odnych i przewiewnych w spos\u00f3b zabezpieczaj\u0105cy je przed uszkodzeniem, zabrudzeniem, promieniowaniem cieplnym i s\u0142onecznym oraz wilgoci\u0105. Przed u\u017cyciem nale\u017cy sprawdzi\u0107 stan techniczny r\u0119kawicy, dobra\u0107 odpowiedni rozmiar do wielko\u015bci r\u0105k u\u017cytkownika. Lekkie zabrudzenia usun\u0105\u0107 such\u0105 szmatk\u0105, w przypadku silnych zabrudze\u0144 lub uszkodze\u0144 nale\u017cy wymieni\u0107 na nowe. R\u0119kawicy si\u0119 nie konserwuje. Nie pra\u0107. Dezynfekcj\u0119 mo\u017cna przeprowadzi\u0107 poprzez umycie w letniej wodzie i u\u017cycie izopropanolu. Jednak dezynfekcji r\u0119kawic nie powinno si\u0119 przeprowadza\u0107, poniewa\u017c mo\u017ce to os\u0142abi\u0107 poziom bezpiecze\u0144stwa.<\/p>\n<p>R\u0119kawice robocze s\u0105 zgodne z Rozporz\u0105dzeniem Parlamentu Europejskiego i Rady (UE) 2016\/425 z dnia 9 marca 2016 r. w sprawie \u015brodk\u00f3w ochrony indywidualnej oraz uchylenia dyrektywy Rady 89\/686\/EWG oraz z normami zharmonizowanymi EN 388:2016, EN 420:2003+A1:2009.<\/p>\n<p><strong><img loading=\"lazy\" decoding=\"async\" src=\"http:\/\/prus-pol.pl\/img\/cms\/PN-EN%20388.png\" alt=\"\" width=\"122\" height=\"172\" \/><img loading=\"lazy\" decoding=\"async\" src=\"http:\/\/prus-pol.pl\/img\/cms\/CE.jpg\" alt=\"\" width=\"189\" height=\"133\" \/><\/strong><\/p>\n<p><strong>A<\/strong> \u2013 odporno\u015b\u0107 na \u015bcieranie 2<br \/>\n<strong>B<\/strong> \u2013 odporno\u015b\u0107 na przeci\u0119cie 1<br \/>\n<strong>C<\/strong> \u2013 odporno\u015b\u0107 na przetarcie 4<br \/>\n<strong>D<\/strong> \u2013 odporno\u015b\u0107 na przebicie 2<br \/>\n<b>E<\/b> \u2013 odporno\u015b\u0107 na przeci\u0119cie liniowym ostrzem\u00a0 X<\/p>\n","protected":false},"excerpt":{"rendered":"<h1>R\u0119kawice robocze, ochronne, niebieskie poliestrowe grube, akrylowane, oblewane podw\u00f3jnym czarnym spienionym lateksem w \u00be , zako\u0144czone \u015bci\u0105gaczem.<\/h1>\n<p><strong>Nazwa upowa\u017cnionego przedstawiciela :<\/strong> Prus-Pol<\/p>\n<p><strong>Kategoria :<\/strong> II<\/p>\n<p><strong>Rozmiary :<\/strong>\u00a09, 10, 11<\/p>\n<p><strong>Przechowywanie, u\u017cywanie, czyszczenie, konserwacja i dezynfekcja :<\/strong> R\u0119kawice nale\u017cy przechowywa\u0107 w pomieszczeniach suchych, ch\u0142odnych i przewiewnych w spos\u00f3b zabezpieczaj\u0105cy je przed uszkodzeniem, zabrudzeniem, promieniowaniem cieplnym i s\u0142onecznym oraz wilgoci\u0105. Przed u\u017cyciem nale\u017cy sprawdzi\u0107 stan techniczny r\u0119kawicy, dobra\u0107 odpowiedni rozmiar do wielko\u015bci r\u0105k u\u017cytkownika. Lekkie zabrudzenia usun\u0105\u0107 such\u0105 szmatk\u0105, w przypadku silnych zabrudze\u0144 lub uszkodze\u0144 nale\u017cy wymieni\u0107 na nowe. R\u0119kawicy si\u0119 nie konserwuje. Nie pra\u0107. Dezynfekcj\u0119 mo\u017cna przeprowadzi\u0107 poprzez umycie w letniej wodzie i u\u017cycie izopropanolu. Jednak dezynfekcji r\u0119kawic nie powinno si\u0119 przeprowadza\u0107, poniewa\u017c mo\u017ce to os\u0142abi\u0107 poziom bezpiecze\u0144stwa.<\/p>\n<p>R\u0119kawice robocze s\u0105 zgodne z Rozporz\u0105dzeniem Parlamentu Europejskiego i Rady (UE) 2016\/425 z dnia 9 marca 2016 r. w sprawie \u015brodk\u00f3w ochrony indywidualnej oraz uchylenia dyrektywy Rady 89\/686\/EWG oraz z normami zharmonizowanymi EN 388:2016, EN 420:2003+A1:2009.<\/p>\n<p><strong><img loading=\"lazy\" decoding=\"async\" src=\"http:\/\/prus-pol.pl\/img\/cms\/PN-EN%20388.png\" alt=\"\" width=\"122\" height=\"172\" \/><img loading=\"lazy\" decoding=\"async\" src=\"http:\/\/prus-pol.pl\/img\/cms\/CE.jpg\" alt=\"\" width=\"189\" height=\"133\" \/><\/strong><\/p>\n<p><strong>A<\/strong> \u2013 odporno\u015b\u0107 na \u015bcieranie 2<br \/>\n<strong>B<\/strong> \u2013 odporno\u015b\u0107 na przeci\u0119cie 1<br \/>\n<strong>C<\/strong> \u2013 odporno\u015b\u0107 na przetarcie 4<br \/>\n<strong>D<\/strong> \u2013 odporno\u015b\u0107 na przebicie 2<br \/>\n<b>E<\/b> \u2013 odporno\u015b\u0107 na przeci\u0119cie liniowym ostrzem\u00a0 X<\/p>\n","protected":false},"featured_media":994,"template":"","meta":{"_et_pb_use_builder":"","_et_pb_old_content":"","_et_gb_content_width":""},"product_brand":[],"product_cat":[43,73],"product_tag":[],"class_list":{"0":"post-993","1":"product","2":"type-product","3":"status-publish","4":"has-post-thumbnail","6":"product_cat-ochrona-rak","7":"product_cat-rekawice-ocieplane","9":"first","10":"instock","11":"shipping-taxable","12":"purchasable","13":"product-type-simple"},"_links":{"self":[{"href":"https:\/\/ani-mex.com\/index.php?rest_route=\/wp\/v2\/product\/993","targetHints":{"allow":["GET"]}}],"collection":[{"href":"https:\/\/ani-mex.com\/index.php?rest_route=\/wp\/v2\/product"}],"about":[{"href":"https:\/\/ani-mex.com\/index.php?rest_route=\/wp\/v2\/types\/product"}],"wp:featuredmedia":[{"embeddable":true,"href":"https:\/\/ani-mex.com\/index.php?rest_route=\/wp\/v2\/media\/994"}],"wp:attachment":[{"href":"https:\/\/ani-mex.com\/index.php?rest_route=%2Fwp%2Fv2%2Fmedia&parent=993"}],"wp:term":[{"taxonomy":"product_brand","embeddable":true,"href":"https:\/\/ani-mex.com\/index.php?rest_route=%2Fwp%2Fv2%2Fproduct_brand&post=993"},{"taxonomy":"product_cat","embeddable":true,"href":"https:\/\/ani-mex.com\/index.php?rest_route=%2Fwp%2Fv2%2Fproduct_cat&post=993"},{"taxonomy":"product_tag","embeddable":true,"href":"https:\/\/ani-mex.com\/index.php?rest_route=%2Fwp%2Fv2%2Fproduct_tag&post=993"}],"curies":[{"name":"wp","href":"https:\/\/api.w.org\/{rel}","templated":true}]}}